{"id":279,"date":"2018-08-13T16:20:48","date_gmt":"2018-08-13T14:20:48","guid":{"rendered":"http:\/\/hgfhammel.dk\/bordtennis\/?page_id=279"},"modified":"2018-08-13T16:41:02","modified_gmt":"2018-08-13T14:41:02","slug":"kunstgraesbane","status":"publish","type":"page","link":"https:\/\/hgfhammel.dk\/bordtennis\/kunstgraesbane\/","title":{"rendered":"Kunstgr\u00e6sbane"},"content":{"rendered":"<p>[et_pb_section bb_built=&#8221;1&#8243; next_background_color=&#8221;#000000&#8243;][et_pb_row][et_pb_column type=&#8221;4_4&#8243;][et_pb_text admin_label=&#8221;Overskrift med br\u00f8dtekst&#8221; _builder_version=&#8221;3.11.1&#8243; module_class=&#8221;headline_text&#8221; saved_tabs=&#8221;all&#8221;]<\/p>\n<h1>Kunstgr\u00e6sbane<\/h1>\n<p>Kunstgr\u00e6sbane nr. 2 i Favrskov kommune, s\u00e5 i august 2016 endelig dagens lys, med etableringen af Hammel Kunstgr\u00e6sbane.<\/p>\n<p>[\/et_pb_text][et_pb_image _builder_version=&#8221;3.11.1&#8243; src=&#8221;http:\/\/hgfhammel.dk\/wp-content\/uploads\/sites\/20\/2018\/08\/graesbane.jpg&#8221; \/][et_pb_text _builder_version=&#8221;3.11.1&#8243;]<\/p>\n<p>Efter en del \u00e5rs slid, stod banen klar til gl\u00e6de for byen og lokalomr\u00e5dets fodboldspillere. Banens tilkomst er sket ved en langvarig og vedholdende proces, hvor lokale ildsj\u00e6le har k\u00e6mpet en kamp, for at rejse kommunale tilladelser og midler, samt knap 1,5 million kr. fundraising til banen. Med et er det nu blevet mere attraktivt at dyrke fodbold \u00e5ret rundt \u2013 til gl\u00e6de for folkesundhed og talentudvikling.<\/p>\n<p>I det daglige vil det v\u00e6re Hammel Kunstgr\u00e6sbane Forening der st\u00e5r for driften med udlejning til lokale fodboldklubber. Velkommen til alle brugere af Hammel Kunstgr\u00e6sbane \u2013 Stedet hvor gr\u00e6sset altid er gr\u00f8nt!<\/p>\n<ul>\n<li>Lorem ipsum<\/li>\n<li>Dolor sit amat<\/li>\n<li>Ipsum<\/li>\n<li>Lorem dolor ipsum<\/li>\n<\/ul>\n<h2>Fodbold<\/h2>\n<p>Efter en del \u00e5rs slid, stod banen klar til gl\u00e6de for byen og lokalomr\u00e5dets fodboldspillere. Banens tilkomst er sket ved en langvarig og vedholdende proces, hvor lokale ildsj\u00e6le har k\u00e6mpet en kamp, for at rejse kommunale tilladelser og midler, samt knap 1,5 million kr. fundraising til banen. Med et er det nu blevet <a href=\"#\">mere link<\/a> i tekst at dyrke fodbold \u00e5ret rundt \u2013 til gl\u00e6de for folkesundhed og talentudvikling.<\/p>\n<ul>\n<li><strong>Lorem ipsum<\/strong><\/li>\n<li><strong>Dolor sit amat<\/strong><\/li>\n<li><strong>Ipsum<\/strong><\/li>\n<li><strong>Lorem dolor ipsum<\/strong><\/li>\n<\/ul>\n<h3>Fodbold<\/h3>\n<p>I det daglige vil det v\u00e6re Hammel Kunstgr\u00e6sbane Forening der st\u00e5r for driften med udlejning til lokale fodboldklubber. Velkommen til alle brugere af Hammel Kunstgr\u00e6sbane \u2013 Stedet hvor gr\u00e6sset altid er gr\u00f8nt!<\/p>\n<p>[\/et_pb_text][\/et_pb_column][\/et_pb_row][\/et_pb_section][et_pb_section bb_built=&#8221;1&#8243; fullwidth=&#8221;off&#8221; specialty=&#8221;off&#8221; prev_background_color=&#8221;#000000&#8243; next_background_color=&#8221;#06178f&#8221;][et_pb_row _builder_version=&#8221;3.11&#8243; make_equal=&#8221;on&#8221; module_class=&#8221;sponsorlogo_row&#8221;][et_pb_column type=&#8221;1_4&#8243;][et_pb_image admin_label=&#8221;Sponsor logo&#8221; _builder_version=&#8221;3.11&#8243; src=&#8221;http:\/\/hgfhammel.dk\/wp-content\/uploads\/sites\/20\/2018\/08\/sponsor_kronjylland.png&#8221; url=&#8221;https:\/\/google.dk&#8221; url_new_window=&#8221;on&#8221; saved_tabs=&#8221;all&#8221; global_module=&#8221;194&#8243; module_class=&#8221;sponsorlogo&#8221; \/][\/et_pb_column][et_pb_column type=&#8221;1_4&#8243;][et_pb_image admin_label=&#8221;Sponsor logo&#8221; _builder_version=&#8221;3.11&#8243; src=&#8221;http:\/\/hgfhammel.dk\/wp-content\/uploads\/sites\/20\/2018\/08\/sponsor_jordgaard.png&#8221; url=&#8221;https:\/\/google.dk&#8221; url_new_window=&#8221;on&#8221; saved_tabs=&#8221;all&#8221; global_module=&#8221;194&#8243; module_class=&#8221;sponsorlogo&#8221; \/][\/et_pb_column][et_pb_column type=&#8221;1_4&#8243;][et_pb_image admin_label=&#8221;Sponsor logo&#8221; _builder_version=&#8221;3.11&#8243; src=&#8221;http:\/\/hgfhammel.dk\/wp-content\/uploads\/sites\/20\/2018\/08\/sponsor-olehagen.png&#8221; url=&#8221;https:\/\/google.dk&#8221; url_new_window=&#8221;on&#8221; saved_tabs=&#8221;all&#8221; global_module=&#8221;194&#8243; module_class=&#8221;sponsorlogo&#8221; \/][\/et_pb_column][et_pb_column type=&#8221;1_4&#8243;][et_pb_image admin_label=&#8221;Sponsor logo&#8221; _builder_version=&#8221;3.11&#8243; src=&#8221;http:\/\/hgfhammel.dk\/wp-content\/uploads\/sites\/20\/2018\/08\/sponsor_oeko.png&#8221; url=&#8221;https:\/\/google.dk&#8221; url_new_window=&#8221;on&#8221; saved_tabs=&#8221;all&#8221; global_module=&#8221;194&#8243; module_class=&#8221;sponsorlogo&#8221; align=&#8221;center&#8221; \/][\/et_pb_column][\/et_pb_row][\/et_pb_section][et_pb_section bb_built=&#8221;1&#8243; specialty=&#8221;off&#8221; prev_background_color=&#8221;#ffffff&#8221; _builder_version=&#8221;3.11&#8243; background_color=&#8221;#06178f&#8221; background_image=&#8221;http:\/\/hgfhammel.dk\/wp-content\/uploads\/sites\/20\/2018\/07\/example_video-1.jpg&#8221; module_class=&#8221;videopopup_section&#8221; next_background_color=&#8221;#ffffff&#8221;][et_pb_row _builder_version=&#8221;3.11&#8243;][et_pb_column type=&#8221;4_4&#8243;][et_pb_blurb admin_label=&#8221;Video popup&#8221; _builder_version=&#8221;3.11&#8243; title=&#8221;Se videoen fra HGF Turneringen&#8221; url=&#8221;https:\/\/www.youtube.com\/watch?v=2MpUj-Aua48&#8243; use_icon=&#8221;on&#8221; font_icon=&#8221;%%36%%&#8221; module_class=&#8221;videopopup&#8221;]<\/p>\n<p>Donec id elit non mi porta gravida at eget metus. Donec ullamcorper nulla non metus auctor fringilla.<\/p>\n<p>[\/et_pb_blurb][\/et_pb_column][\/et_pb_row][\/et_pb_section][et_pb_section bb_built=&#8221;1&#8243; fullwidth=&#8221;off&#8221; specialty=&#8221;off&#8221; prev_background_color=&#8221;#06178f&#8221; next_background_color=&#8221;#000000&#8243;][et_pb_row _builder_version=&#8221;3.11&#8243;][et_pb_column type=&#8221;4_4&#8243;][et_pb_text admin_label=&#8221;Sektion overskrift&#8221; _builder_version=&#8221;3.11.1&#8243; module_class=&#8221;section_headline&#8221; saved_tabs=&#8221;all&#8221; global_module=&#8221;221&#8243;]<\/p>\n<p>Mere fra Hammel GF<\/p>\n<p>[\/et_pb_text][\/et_pb_column][\/et_pb_row][et_pb_row][et_pb_column type=&#8221;1_4&#8243;][et_pb_blurb admin_label=&#8221;Billedeboks&#8221; _builder_version=&#8221;3.11.1&#8243; title=&#8221;Lorem ipsum&#8221; url=&#8221;#&#8221; image=&#8221;http:\/\/hgfhammel.dk\/wp-content\/uploads\/sites\/20\/2018\/08\/imagebox_1.jpg&#8221; module_class=&#8221;imagebox&#8221; animation=&#8221;off&#8221; saved_tabs=&#8221;all&#8221; global_module=&#8221;270&#8243;]<\/p>\n<p>Lorem ipsum dolor sit amat<\/p>\n<p>[\/et_pb_blurb][\/et_pb_column][et_pb_column type=&#8221;1_4&#8243;][et_pb_blurb admin_label=&#8221;Billedeboks&#8221; _builder_version=&#8221;3.11.1&#8243; title=&#8221;Lorem ipsum&#8221; url=&#8221;#&#8221; image=&#8221;http:\/\/hgfhammel.dk\/wp-content\/uploads\/sites\/20\/2018\/08\/imagebox_1.jpg&#8221; module_class=&#8221;imagebox&#8221; animation=&#8221;off&#8221; saved_tabs=&#8221;all&#8221; global_module=&#8221;270&#8243;]<\/p>\n<p>Lorem ipsum dolor sit amat<\/p>\n<p>[\/et_pb_blurb][\/et_pb_column][et_pb_column type=&#8221;1_4&#8243;][et_pb_blurb admin_label=&#8221;Billedeboks&#8221; _builder_version=&#8221;3.11.1&#8243; title=&#8221;Lorem ipsum&#8221; url=&#8221;#&#8221; image=&#8221;http:\/\/hgfhammel.dk\/wp-content\/uploads\/sites\/20\/2018\/08\/imagebox_1.jpg&#8221; module_class=&#8221;imagebox&#8221; animation=&#8221;off&#8221; saved_tabs=&#8221;all&#8221; global_module=&#8221;270&#8243;]<\/p>\n<p>Lorem ipsum dolor sit amat<\/p>\n<p>[\/et_pb_blurb][\/et_pb_column][et_pb_column type=&#8221;1_4&#8243;][et_pb_blurb admin_label=&#8221;Billedeboks&#8221; _builder_version=&#8221;3.11.1&#8243; title=&#8221;Lorem ipsum&#8221; url=&#8221;#&#8221; image=&#8221;http:\/\/hgfhammel.dk\/wp-content\/uploads\/sites\/20\/2018\/08\/imagebox_1.jpg&#8221; module_class=&#8221;imagebox&#8221; animation=&#8221;off&#8221; saved_tabs=&#8221;all&#8221; global_module=&#8221;270&#8243;]<\/p>\n<p>Lorem ipsum dolor sit amat<\/p>\n<p>[\/et_pb_blurb][\/et_pb_column][\/et_pb_row][\/et_pb_section][et_pb_section bb_built=&#8221;1&#8243; fullwidth=&#8221;on&#8221; specialty=&#8221;off&#8221; prev_background_color=&#8221;#000000&#8243;][et_pb_map_fullwidth_extended _builder_version=&#8221;3.11.1&#8243; zoom_level=&#8221;17&#8243; address_lat=&#8221;56.26173582993552&#8243; address_lng=&#8221;9.87695291534419&#8243; address=&#8221;Stadionvej 7, 8450 Hammel, Denmark&#8221; map_type_control_style=&#8221;DEFAULT&#8221; marker_center=&#8221;off&#8221; bounce_on_click_on_off=&#8221;off&#8221; marker_animation=&#8221;off&#8221; marker_label_bg=&#8221;rgba(80,80,80,0.9)&#8221; marker_listing_bg_thead=&#8221;#f4f4f4&#8243; marker_clustering_pulse_color=&#8221;rgba(0,140,255,0.4)&#8221; marker_cluster_bg=&#8221;#008cff&#8221; marker_cluster_border_color=&#8221;#ffffff&#8221; map_height_tablet=&#8221;600&#8243; info_window=&#8221;on&#8221; infowindow_styles=&#8221;custom_style&#8221; infowindow_radius=&#8221;0px&#8221; infowindow_bg_color=&#8221;#ffffff&#8221; use_grayscale_filter=&#8221;on&#8221; info_window_width=&#8221;300&#8243; grayscale_filter_amount=&#8221;86&#8243; box_shadow_style_infowindow=&#8221;preset1&#8243; map_options=&#8221;2&#8243;][et_pb_map_pin_extended _builder_version=&#8221;3.11.1&#8243; zoom_level=&#8221;18&#8243; pin_address_lat=&#8221;56.261277&#8243; pin_address_lng=&#8221;9.876909999999953&#8243; title=&#8221;HGF Hammel&#8221; marker_url_new_window=&#8221;off&#8221; marker_url_trigger_method=&#8221;click&#8221; pin_address=&#8221;Stadionvej 7, 8450 Hammel, Denmark&#8221; use_background_color_gradient=&#8221;off&#8221; background_color_gradient_start=&#8221;#2b87da&#8221; background_color_gradient_end=&#8221;#29c4a9&#8243; background_color_gradient_type=&#8221;linear&#8221; background_color_gradient_direction=&#8221;180deg&#8221; background_color_gradient_direction_radial=&#8221;center&#8221; background_color_gradient_start_position=&#8221;0%&#8221; background_color_gradient_end_position=&#8221;100%&#8221; background_color_gradient_overlays_image=&#8221;off&#8221; parallax=&#8221;off&#8221; parallax_method=&#8221;on&#8221; background_size=&#8221;cover&#8221; background_position=&#8221;center&#8221; background_repeat=&#8221;no-repeat&#8221; background_blend=&#8221;normal&#8221; allow_player_pause=&#8221;off&#8221; background_video_pause_outside_viewport=&#8221;on&#8221; pin_fill_color=&#8221;#ea4335&#8243; pin_stroke_color=&#8221;#ffffff&#8221; pin_circle_color=&#8221;#811411&#8243; pin_on_off=&#8221;off&#8221; pin_widthsize=&#8221;40px&#8221; pin_heightsize=&#8221;40px&#8221; text_shadow_style=&#8221;none&#8221; module_font=&#8221;||||||||&#8221; module_font_size_tablet=&#8221;51&#8243; module_font_size_phone=&#8221;51&#8243; module_letter_spacing_tablet=&#8221;50&#8243; module_letter_spacing_phone=&#8221;50&#8243; module_line_height_tablet=&#8221;2&#8243; module_line_height_phone=&#8221;2&#8243; module_text_shadow_style=&#8221;none&#8221; module_text_shadow_color=&#8221;rgba(0,0,0,0.4)&#8221; box_shadow_style=&#8221;none&#8221; text_shadow_horizontal_length=&#8221;0em&#8221; text_shadow_vertical_length=&#8221;0em&#8221; text_shadow_blur_strength=&#8221;0em&#8221; module_text_shadow_horizontal_length=&#8221;0em&#8221; module_text_shadow_vertical_length=&#8221;0em&#8221; module_text_shadow_blur_strength=&#8221;0em&#8221; pin_src=&#8221;http:\/\/hgfhammel.dk\/wp-content\/uploads\/sites\/20\/2018\/08\/map_marker.png&#8221;] Stadionvej 7 8450 Hammel Telefon: 61 36 13 11 E-mail:\u00a0info@hgfhammel.dk [\/et_pb_map_pin_extended][\/et_pb_map_fullwidth_extended][\/et_pb_section]<\/p>\n","protected":false},"excerpt":{"rendered":"<div class=\"et_pb_row et_pb_row_0 et_pb_row_empty\"><\/div>\n<p> Kunstgr\u00e6sbane Kunstgr\u00e6sbane nr. 2 i Favrskov kommune, s\u00e5 i august 2016 endelig dagens lys, med etableringen af Hammel Kunstgr\u00e6sbane. Efter en del \u00e5rs slid, stod banen klar til gl\u00e6de for byen og lokalomr\u00e5dets fodboldspillere. Banens tilkomst er sket ved en langvarig og vedholdende proces, hvor lokale ildsj\u00e6le har k\u00e6mpet en kamp, for at rejse [&hellip;]<\/p>\n","protected":false},"author":1,"featured_media":0,"parent":0,"menu_order":0,"comment_status":"closed","ping_status":"closed","template":"","meta":{"_et_pb_use_builder":"on","_et_pb_old_content":"","_et_gb_content_width":""},"yoast_head":"<!-- This site is optimized with the Yoast SEO plugin v20.9 - https:\/\/yoast.com\/wordpress\/plugins\/seo\/ -->\n<title>Kunstgr\u00e6sbane - Bordtennis<\/title>\n<meta name=\"robots\" content=\"index, follow, max-snippet:-1, max-image-preview:large, max-video-preview:-1\" \/>\n<link rel=\"canonical\" href=\"https:\/\/hgfhammel.dk\/bordtennis\/kunstgraesbane\/\" \/>\n<meta property=\"og:locale\" content=\"da_DK\" \/>\n<meta property=\"og:type\" content=\"article\" \/>\n<meta property=\"og:title\" content=\"Kunstgr\u00e6sbane - Bordtennis\" \/>\n<meta property=\"og:description\" content=\"Kunstgr\u00e6sbane Kunstgr\u00e6sbane nr. 2 i Favrskov kommune, s\u00e5 i august 2016 endelig dagens lys, med etableringen af Hammel Kunstgr\u00e6sbane. Efter en del \u00e5rs slid, stod banen klar til gl\u00e6de for byen og lokalomr\u00e5dets fodboldspillere. Banens tilkomst er sket ved en langvarig og vedholdende proces, hvor lokale ildsj\u00e6le har k\u00e6mpet en kamp, for at rejse [&hellip;]\" \/>\n<meta property=\"og:url\" content=\"https:\/\/hgfhammel.dk\/bordtennis\/kunstgraesbane\/\" \/>\n<meta property=\"og:site_name\" content=\"Bordtennis\" \/>\n<meta property=\"article:modified_time\" content=\"2018-08-13T14:41:02+00:00\" \/>\n<meta name=\"twitter:card\" content=\"summary_large_image\" \/>\n<meta name=\"twitter:label1\" content=\"Estimeret l\u00e6setid\" \/>\n\t<meta name=\"twitter:data1\" content=\"6 minutter\" \/>\n<!-- \/ Yoast SEO plugin. -->","yoast_head_json":{"title":"Kunstgr\u00e6sbane - Bordtennis","robots":{"index":"index","follow":"follow","max-snippet":"max-snippet:-1","max-image-preview":"max-image-preview:large","max-video-preview":"max-video-preview:-1"},"canonical":"https:\/\/hgfhammel.dk\/bordtennis\/kunstgraesbane\/","og_locale":"da_DK","og_type":"article","og_title":"Kunstgr\u00e6sbane - Bordtennis","og_description":"Kunstgr\u00e6sbane Kunstgr\u00e6sbane nr. 2 i Favrskov kommune, s\u00e5 i august 2016 endelig dagens lys, med etableringen af Hammel Kunstgr\u00e6sbane. Efter en del \u00e5rs slid, stod banen klar til gl\u00e6de for byen og lokalomr\u00e5dets fodboldspillere. Banens tilkomst er sket ved en langvarig og vedholdende proces, hvor lokale ildsj\u00e6le har k\u00e6mpet en kamp, for at rejse [&hellip;]","og_url":"https:\/\/hgfhammel.dk\/bordtennis\/kunstgraesbane\/","og_site_name":"Bordtennis","article_modified_time":"2018-08-13T14:41:02+00:00","twitter_card":"summary_large_image","twitter_misc":{"Estimeret l\u00e6setid":"6 minutter"},"schema":{"@context":"https:\/\/schema.org","@graph":[{"@type":"WebPage","@id":"https:\/\/hgfhammel.dk\/bordtennis\/kunstgraesbane\/","url":"https:\/\/hgfhammel.dk\/bordtennis\/kunstgraesbane\/","name":"Kunstgr\u00e6sbane - Bordtennis","isPartOf":{"@id":"https:\/\/hgfhammel.dk\/bordtennis\/#website"},"datePublished":"2018-08-13T14:20:48+00:00","dateModified":"2018-08-13T14:41:02+00:00","breadcrumb":{"@id":"https:\/\/hgfhammel.dk\/bordtennis\/kunstgraesbane\/#breadcrumb"},"inLanguage":"da-DK","potentialAction":[{"@type":"ReadAction","target":["https:\/\/hgfhammel.dk\/bordtennis\/kunstgraesbane\/"]}]},{"@type":"BreadcrumbList","@id":"https:\/\/hgfhammel.dk\/bordtennis\/kunstgraesbane\/#breadcrumb","itemListElement":[{"@type":"ListItem","position":1,"name":"Hjem","item":"https:\/\/hgfhammel.dk\/bordtennis\/"},{"@type":"ListItem","position":2,"name":"Kunstgr\u00e6sbane"}]},{"@type":"WebSite","@id":"https:\/\/hgfhammel.dk\/bordtennis\/#website","url":"https:\/\/hgfhammel.dk\/bordtennis\/","name":"Bordtennis","description":"BORDTENNIS","potentialAction":[{"@type":"SearchAction","target":{"@type":"EntryPoint","urlTemplate":"https:\/\/hgfhammel.dk\/bordtennis\/?s={search_term_string}"},"query-input":"required name=search_term_string"}],"inLanguage":"da-DK"}]}},"_links":{"self":[{"href":"https:\/\/hgfhammel.dk\/bordtennis\/wp-json\/wp\/v2\/pages\/279"}],"collection":[{"href":"https:\/\/hgfhammel.dk\/bordtennis\/wp-json\/wp\/v2\/pages"}],"about":[{"href":"https:\/\/hgfhammel.dk\/bordtennis\/wp-json\/wp\/v2\/types\/page"}],"author":[{"embeddable":true,"href":"https:\/\/hgfhammel.dk\/bordtennis\/wp-json\/wp\/v2\/users\/1"}],"replies":[{"embeddable":true,"href":"https:\/\/hgfhammel.dk\/bordtennis\/wp-json\/wp\/v2\/comments?post=279"}],"version-history":[{"count":0,"href":"https:\/\/hgfhammel.dk\/bordtennis\/wp-json\/wp\/v2\/pages\/279\/revisions"}],"wp:attachment":[{"href":"https:\/\/hgfhammel.dk\/bordtennis\/wp-json\/wp\/v2\/media?parent=279"}],"curies":[{"name":"wp","href":"https:\/\/api.w.org\/{rel}","templated":true}]}}