{"id":1875,"date":"2024-06-24T22:15:47","date_gmt":"2024-06-24T20:15:47","guid":{"rendered":"https:\/\/hgfhammel.dk\/gymnastik\/?page_id=1875"},"modified":"2024-08-17T13:37:51","modified_gmt":"2024-08-17T11:37:51","slug":"voksengymnastik","status":"publish","type":"page","link":"https:\/\/hgfhammel.dk\/gymnastik\/til-gymnaster\/voksengymnastik\/","title":{"rendered":"Voksengymnastik"},"content":{"rendered":"<p>[et_pb_section fb_built=&#8221;1&#8243; _builder_version=&#8221;4.21.0&#8243; _module_preset=&#8221;default&#8221; global_colors_info=&#8221;{}&#8221;][et_pb_row _builder_version=&#8221;4.21.0&#8243; _module_preset=&#8221;default&#8221; global_colors_info=&#8221;{}&#8221;][et_pb_column type=&#8221;4_4&#8243; _builder_version=&#8221;4.21.0&#8243; _module_preset=&#8221;default&#8221; global_colors_info=&#8221;{}&#8221;][et_pb_text admin_label=&#8221;Tekst&#8221; _builder_version=&#8221;4.21.0&#8243; _module_preset=&#8221;default&#8221; global_colors_info=&#8221;{}&#8221;]<\/p>\n<h1>Voksenhold<\/h1>\n<p>[\/et_pb_text][\/et_pb_column][\/et_pb_row][\/et_pb_section][et_pb_section fb_built=&#8221;1&#8243; _builder_version=&#8221;4.21.0&#8243; _module_preset=&#8221;default&#8221; global_colors_info=&#8221;{}&#8221;][et_pb_row column_structure=&#8221;1_2,1_2&#8243; _builder_version=&#8221;4.21.0&#8243; _module_preset=&#8221;default&#8221; hover_enabled=&#8221;0&#8243; global_colors_info=&#8221;{}&#8221; disabled_on=&#8221;on|on|off&#8221; sticky_enabled=&#8221;0&#8243;][et_pb_column type=&#8221;1_2&#8243; _builder_version=&#8221;4.21.0&#8243; _module_preset=&#8221;default&#8221; global_colors_info=&#8221;{}&#8221;][et_pb_text _builder_version=&#8221;4.21.0&#8243; _module_preset=&#8221;default&#8221; global_colors_info=&#8221;{}&#8221;]<\/p>\n<h2>After Eight mix<\/h2>\n<h3>18 \u00e5r+ SPORTSPAS<\/h3>\n<p>&nbsp;<\/p>\n<p>After Eight mix er et gymnastikhold for dig der lige har g\u00e5et, eller en gang gik til gymnastik, og t\u00e6nker: \u201dDet vil jeg da egentligt gerne igen\u201d Sigtet med holdet er at \u00f8ve rytmisk gymnastik og tr\u00e6ne spring, og slutte \u00e5ret med en mix opvisning. Indtil opvisningen slutter vi nogle af tr\u00e6ningerne med vand eller \u00f8l, for at styrke sammenholdet.<\/p>\n<p>&nbsp;<\/p>\n<h6>Torsdag 20:00-21:30<\/h6>\n<p>[\/et_pb_text][\/et_pb_column][et_pb_column type=&#8221;1_2&#8243; _builder_version=&#8221;4.21.0&#8243; _module_preset=&#8221;default&#8221; global_colors_info=&#8221;{}&#8221;][et_pb_image src=&#8221;https:\/\/hgfhammel.dk\/gymnastik\/wp-content\/uploads\/sites\/12\/2024\/06\/Foraarsopvisninger-2022-2.jpg&#8221; title_text=&#8221;Foraarsopvisninger-2022-2&#8243; _builder_version=&#8221;4.21.0&#8243; _module_preset=&#8221;default&#8221; global_colors_info=&#8221;{}&#8221;][\/et_pb_image][\/et_pb_column][\/et_pb_row][et_pb_row column_structure=&#8221;1_2,1_2&#8243; _builder_version=&#8221;4.21.0&#8243; _module_preset=&#8221;default&#8221; hover_enabled=&#8221;0&#8243; global_colors_info=&#8221;{}&#8221; disabled_on=&#8221;off|off|on&#8221; sticky_enabled=&#8221;0&#8243;][et_pb_column _builder_version=&#8221;4.21.0&#8243; _module_preset=&#8221;default&#8221; type=&#8221;1_2&#8243;][et_pb_image src=&#8221;https:\/\/hgfhammel.dk\/gymnastik\/wp-content\/uploads\/sites\/12\/2024\/06\/Foraarsopvisninger-2022-2.jpg&#8221; title_text=&#8221;Foraarsopvisninger-2022-2&#8243; _builder_version=&#8221;4.21.0&#8243; _module_preset=&#8221;default&#8221; global_colors_info=&#8221;{}&#8221;][\/et_pb_image][\/et_pb_column][et_pb_column type=&#8221;1_2&#8243; _builder_version=&#8221;4.21.0&#8243; _module_preset=&#8221;default&#8221; global_colors_info=&#8221;{}&#8221;][et_pb_text _builder_version=&#8221;4.21.0&#8243; _module_preset=&#8221;default&#8221; global_colors_info=&#8221;{}&#8221;]<\/p>\n<h2>After Eight mix<\/h2>\n<h3>18 \u00e5r+ SPORTSPAS<\/h3>\n<p>&nbsp;<\/p>\n<p>After Eight mix er et gymnastikhold for dig der lige har g\u00e5et, eller en gang gik til gymnastik, og t\u00e6nker: \u201dDet vil jeg da egentligt gerne igen\u201d Sigtet med holdet er at \u00f8ve rytmisk gymnastik og tr\u00e6ne spring, og slutte \u00e5ret med en mix opvisning. Indtil opvisningen slutter vi nogle af tr\u00e6ningerne med vand eller \u00f8l, for at styrke sammenholdet.<\/p>\n<p>&nbsp;<\/p>\n<h6>Torsdag 20:00-21:30<\/h6>\n<p>[\/et_pb_text][\/et_pb_column][\/et_pb_row][et_pb_row column_structure=&#8221;1_2,1_2&#8243; _builder_version=&#8221;4.21.0&#8243; _module_preset=&#8221;default&#8221; hover_enabled=&#8221;0&#8243; global_colors_info=&#8221;{}&#8221; disabled_on=&#8221;on|on|off&#8221; sticky_enabled=&#8221;0&#8243; custom_margin=&#8221;30px||||false|false&#8221;][et_pb_column type=&#8221;1_2&#8243; _builder_version=&#8221;4.21.0&#8243; _module_preset=&#8221;default&#8221; global_colors_info=&#8221;{}&#8221;][et_pb_image src=&#8221;https:\/\/hgfhammel.dk\/gymnastik\/wp-content\/uploads\/sites\/12\/2024\/06\/HGF-foraar-2024-0409.jpg&#8221; title_text=&#8221;HGF &#8211; foraar &#8211; 2024 &#8211; 0409&#8243; _builder_version=&#8221;4.21.0&#8243; _module_preset=&#8221;default&#8221; global_colors_info=&#8221;{}&#8221;][\/et_pb_image][\/et_pb_column][et_pb_column type=&#8221;1_2&#8243; _builder_version=&#8221;4.21.0&#8243; _module_preset=&#8221;default&#8221; global_colors_info=&#8221;{}&#8221;][et_pb_text _builder_version=&#8221;4.21.0&#8243; _module_preset=&#8221;default&#8221; global_colors_info=&#8221;{}&#8221;]<\/p>\n<h2>Puls &amp; Styrke<\/h2>\n<h3>18 \u00e5r+ SPORTSPAS<\/h3>\n<p>&nbsp;<\/p>\n<p>Puls og Styrke-holdet byder velkommen til alle over 18 \u00e5r. Vores tr\u00e6ning fokuserer p\u00e5 alle st\u00f8rre muskelgrupper og tilpasses l\u00f8bende med varierede programmer. Vi arbejder med de samme muskler, hvor vi ofte varierer \u00f8velser, intensitet og tr\u00e6ningsmetoder. Vores tr\u00e6ninger foreg\u00e5r i en hyggelig og afslappet atmosf\u00e6re, hvor alle er velkomne. Ved at deltage i vores ugentlige tr\u00e6ning kan du forvente at f\u00e5 mere energi i hverdagen og styrke dit selvv\u00e6rd, og alt dette til en overkommelig pris.<\/p>\n<p>&nbsp;<\/p>\n<h6>Tirsdag 19:30-20:30<\/h6>\n<p>[\/et_pb_text][\/et_pb_column][\/et_pb_row][et_pb_row column_structure=&#8221;1_2,1_2&#8243; _builder_version=&#8221;4.21.0&#8243; _module_preset=&#8221;default&#8221; hover_enabled=&#8221;0&#8243; global_colors_info=&#8221;{}&#8221; custom_margin=&#8221;30px||||false|false&#8221; sticky_enabled=&#8221;0&#8243; disabled_on=&#8221;on|on|off&#8221;][et_pb_column type=&#8221;1_2&#8243; _builder_version=&#8221;4.21.0&#8243; _module_preset=&#8221;default&#8221; global_colors_info=&#8221;{}&#8221;][et_pb_text _builder_version=&#8221;4.21.0&#8243; _module_preset=&#8221;default&#8221; hover_enabled=&#8221;0&#8243; global_colors_info=&#8221;{}&#8221; sticky_enabled=&#8221;0&#8243;]<\/p>\n<h2>Zumba<\/h2>\n<h3>14 \u00e5r+<\/h3>\n<p>&nbsp;<\/p>\n<p><span style=\"font-family: 'Arial',sans-serif; color: black;\">Zumba er for alle der elsker at danse til den sk\u00f8nne latinomusik. Tr\u00e6ningen sikrer h\u00f8j puls, sved p\u00e5 panden og et smil p\u00e5 l\u00e6ben.<o:p><\/o:p><\/span><\/p>\n<p><span style=\"font-family: 'Arial',sans-serif; color: black;\"><\/span><\/p>\n<h6>Onsdag 19:30-20:30<\/h6>\n<p>[\/et_pb_text][\/et_pb_column][et_pb_column type=&#8221;1_2&#8243; _builder_version=&#8221;4.21.0&#8243; _module_preset=&#8221;default&#8221; global_colors_info=&#8221;{}&#8221;][et_pb_image src=&#8221;https:\/\/hgfhammel.dk\/gymnastik\/wp-content\/uploads\/sites\/12\/2024\/06\/ABK2724.jpg&#8221; title_text=&#8221;_ABK2724&#8243; _builder_version=&#8221;4.21.0&#8243; _module_preset=&#8221;default&#8221; global_colors_info=&#8221;{}&#8221;][\/et_pb_image][\/et_pb_column][\/et_pb_row][et_pb_row column_structure=&#8221;1_2,1_2&#8243; _builder_version=&#8221;4.21.0&#8243; _module_preset=&#8221;default&#8221; hover_enabled=&#8221;0&#8243; global_colors_info=&#8221;{}&#8221; custom_margin=&#8221;30px||||false|false&#8221; sticky_enabled=&#8221;0&#8243; disabled_on=&#8221;off|off|on&#8221;][et_pb_column _builder_version=&#8221;4.21.0&#8243; _module_preset=&#8221;default&#8221; type=&#8221;1_2&#8243;][et_pb_image src=&#8221;https:\/\/hgfhammel.dk\/gymnastik\/wp-content\/uploads\/sites\/12\/2024\/06\/ABK2724.jpg&#8221; title_text=&#8221;_ABK2724&#8243; _builder_version=&#8221;4.21.0&#8243; _module_preset=&#8221;default&#8221; global_colors_info=&#8221;{}&#8221;][\/et_pb_image][\/et_pb_column][et_pb_column type=&#8221;1_2&#8243; _builder_version=&#8221;4.21.0&#8243; _module_preset=&#8221;default&#8221; global_colors_info=&#8221;{}&#8221;][et_pb_text _builder_version=&#8221;4.21.0&#8243; _module_preset=&#8221;default&#8221; hover_enabled=&#8221;0&#8243; global_colors_info=&#8221;{}&#8221; sticky_enabled=&#8221;0&#8243;]<\/p>\n<h2>Zumba<\/h2>\n<h3>14 \u00e5r+<\/h3>\n<p>&nbsp;<\/p>\n<p><span style=\"font-family: 'Arial',sans-serif; color: black;\">Zumba er for alle der elsker at danse til den sk\u00f8nne latinomusik. Tr\u00e6ningen sikrer h\u00f8j puls, sved p\u00e5 panden og et smil p\u00e5 l\u00e6ben.<o:p><\/o:p><\/span><\/p>\n<p><span style=\"font-family: 'Arial',sans-serif; color: black;\"><\/span><\/p>\n<h6>Onsdag 19:30-20:30<\/h6>\n<p>[\/et_pb_text][\/et_pb_column][\/et_pb_row][et_pb_row column_structure=&#8221;1_2,1_2&#8243; _builder_version=&#8221;4.21.0&#8243; _module_preset=&#8221;default&#8221; hover_enabled=&#8221;0&#8243; global_colors_info=&#8221;{}&#8221; disabled_on=&#8221;on|on|off&#8221; sticky_enabled=&#8221;0&#8243;][et_pb_column type=&#8221;1_2&#8243; _builder_version=&#8221;4.21.0&#8243; _module_preset=&#8221;default&#8221; global_colors_info=&#8221;{}&#8221;][et_pb_image src=&#8221;https:\/\/hgfhammel.dk\/gymnastik\/wp-content\/uploads\/sites\/12\/2024\/06\/pexels-photo-5473894.jpeg&#8221; title_text=&#8221;pexels-photo-5473894&#8243; _builder_version=&#8221;4.21.0&#8243; _module_preset=&#8221;default&#8221; global_colors_info=&#8221;{}&#8221;][\/et_pb_image][\/et_pb_column][et_pb_column type=&#8221;1_2&#8243; _builder_version=&#8221;4.21.0&#8243; _module_preset=&#8221;default&#8221; global_colors_info=&#8221;{}&#8221;][et_pb_text _builder_version=&#8221;4.21.0&#8243; _module_preset=&#8221;default&#8221; hover_enabled=&#8221;0&#8243; global_colors_info=&#8221;{}&#8221; sticky_enabled=&#8221;0&#8243;]<\/p>\n<h2>Pilates<\/h2>\n<h3>17 \u00e5r+<\/h3>\n<p>&nbsp;<\/p>\n<p>Holdet er til dig, der gerne vil styrke dine muskler og din krop gennem pilates.<\/p>\n<p>&nbsp;<\/p>\n<h6>Onsdag 18:00-19:15<\/h6>\n<p>[\/et_pb_text][\/et_pb_column][\/et_pb_row][et_pb_row column_structure=&#8221;1_2,1_2&#8243; _builder_version=&#8221;4.21.0&#8243; _module_preset=&#8221;default&#8221; hover_enabled=&#8221;0&#8243; global_colors_info=&#8221;{}&#8221; sticky_enabled=&#8221;0&#8243; disabled_on=&#8221;on|on|off&#8221;][et_pb_column type=&#8221;1_2&#8243; _builder_version=&#8221;4.21.0&#8243; _module_preset=&#8221;default&#8221; global_colors_info=&#8221;{}&#8221;][et_pb_text _builder_version=&#8221;4.21.0&#8243; _module_preset=&#8221;default&#8221; global_colors_info=&#8221;{}&#8221;]<\/p>\n<h2>OnsdagsFIT i skoven<\/h2>\n<h3>18 \u00e5r+ SPORTSPAS<\/h3>\n<p>&nbsp;<\/p>\n<p>Et fitneshold som tager tr\u00e6ningen udenfor. Vi arbejder med de muligheder naturen giver os for at styrke krop og sind.<\/p>\n<p>&nbsp;<\/p>\n<h6>Onsdag 17:30-18:30<\/h6>\n<p>[\/et_pb_text][\/et_pb_column][et_pb_column type=&#8221;1_2&#8243; _builder_version=&#8221;4.21.0&#8243; _module_preset=&#8221;default&#8221; global_colors_info=&#8221;{}&#8221;][et_pb_image src=&#8221;https:\/\/hgfhammel.dk\/gymnastik\/wp-content\/uploads\/sites\/12\/2024\/06\/Skovtraening.jpg&#8221; title_text=&#8221;CREATOR: gd-jpeg v1.0 (using IJG JPEG v80), quality = 90&#8243; _builder_version=&#8221;4.21.0&#8243; _module_preset=&#8221;default&#8221; global_colors_info=&#8221;{}&#8221;][\/et_pb_image][\/et_pb_column][\/et_pb_row][et_pb_row column_structure=&#8221;1_2,1_2&#8243; _builder_version=&#8221;4.21.0&#8243; _module_preset=&#8221;default&#8221; hover_enabled=&#8221;0&#8243; global_colors_info=&#8221;{}&#8221; sticky_enabled=&#8221;0&#8243; disabled_on=&#8221;off|off|on&#8221;][et_pb_column _builder_version=&#8221;4.21.0&#8243; _module_preset=&#8221;default&#8221; type=&#8221;1_2&#8243;][et_pb_image src=&#8221;https:\/\/hgfhammel.dk\/gymnastik\/wp-content\/uploads\/sites\/12\/2024\/06\/Skovtraening.jpg&#8221; title_text=&#8221;CREATOR: gd-jpeg v1.0 (using IJG JPEG v80), quality = 90&#8243; _builder_version=&#8221;4.21.0&#8243; _module_preset=&#8221;default&#8221; global_colors_info=&#8221;{}&#8221;][\/et_pb_image][\/et_pb_column][et_pb_column type=&#8221;1_2&#8243; _builder_version=&#8221;4.21.0&#8243; _module_preset=&#8221;default&#8221; global_colors_info=&#8221;{}&#8221;][et_pb_text _builder_version=&#8221;4.21.0&#8243; _module_preset=&#8221;default&#8221; global_colors_info=&#8221;{}&#8221;]<\/p>\n<h2>OnsdagsFIT i skoven<\/h2>\n<h3>18 \u00e5r+ SPORTSPAS<\/h3>\n<p>&nbsp;<\/p>\n<p>Et fitneshold som tager tr\u00e6ningen udenfor. Vi arbejder med de muligheder naturen giver os for at styrke krop og sind.<\/p>\n<p>&nbsp;<\/p>\n<h6>Onsdag 17:30-18:30<\/h6>\n<p>[\/et_pb_text][\/et_pb_column][\/et_pb_row][et_pb_row column_structure=&#8221;1_2,1_2&#8243; _builder_version=&#8221;4.21.0&#8243; _module_preset=&#8221;default&#8221; hover_enabled=&#8221;0&#8243; global_colors_info=&#8221;{}&#8221; disabled_on=&#8221;on|on|off&#8221; sticky_enabled=&#8221;0&#8243;][et_pb_column type=&#8221;1_2&#8243; _builder_version=&#8221;4.21.0&#8243; _module_preset=&#8221;default&#8221; global_colors_info=&#8221;{}&#8221;][et_pb_image src=&#8221;https:\/\/hgfhammel.dk\/gymnastik\/wp-content\/uploads\/sites\/12\/2024\/06\/HGF-foraar-2024-0488.jpg&#8221; title_text=&#8221;HGF &#8211; foraar &#8211; 2024 &#8211; 0488&#8243; _builder_version=&#8221;4.21.0&#8243; _module_preset=&#8221;default&#8221; global_colors_info=&#8221;{}&#8221;][\/et_pb_image][\/et_pb_column][et_pb_column type=&#8221;1_2&#8243; _builder_version=&#8221;4.21.0&#8243; _module_preset=&#8221;default&#8221; global_colors_info=&#8221;{}&#8221;][et_pb_text _builder_version=&#8221;4.21.0&#8243; _module_preset=&#8221;default&#8221; hover_enabled=&#8221;0&#8243; global_colors_info=&#8221;{}&#8221; sticky_enabled=&#8221;0&#8243;]<\/p>\n<h2>Zumba Gold<\/h2>\n<h3>18 \u00e5r+<\/h3>\n<p>&nbsp;<\/p>\n<p>Zumba Gold er for dig der elsker at danse, men \u00f8nsker et lavere tempo. Her tages der hensyn til kroppen, s\u00e5 ingen led bliver overbelastet.\u00a0<\/p>\n<p>&nbsp;<\/p>\n<h6>Tirsdag 19:30-20:30<\/h6>\n<p>[\/et_pb_text][\/et_pb_column][\/et_pb_row][et_pb_row column_structure=&#8221;1_2,1_2&#8243; _builder_version=&#8221;4.21.0&#8243; _module_preset=&#8221;default&#8221; hover_enabled=&#8221;0&#8243; global_colors_info=&#8221;{}&#8221; sticky_enabled=&#8221;0&#8243; disabled_on=&#8221;on|on|off&#8221;][et_pb_column type=&#8221;1_2&#8243; _builder_version=&#8221;4.21.0&#8243; _module_preset=&#8221;default&#8221; global_colors_info=&#8221;{}&#8221;][et_pb_text _builder_version=&#8221;4.21.0&#8243; _module_preset=&#8221;default&#8221; global_colors_info=&#8221;{}&#8221;]<\/p>\n<h2>CrossFit<\/h2>\n<h3>18 \u00e5r+ SPORTSPAS<\/h3>\n<p>&nbsp;<\/p>\n<p>P\u00e5 Springdrenge fokuserer vi p\u00e5 at udvikle b\u00f8rnenes springteknik, styrke og kropskontrol gennem forskellige sjove aktiviteter. Vi tr\u00e6ner grundl\u00e6ggende spring, samt arbejder med styrke\u00f8velser og smidighedstr\u00e6ning. Vores m\u00e5l er at skabe et motiverende tr\u00e6ningsmilj\u00f8, hvor alle b\u00f8rn kan deltage og udfolde deres potentiale, uanset niveau, og inspirere dem til at udvikle deres f\u00e6rdigheder og gl\u00e6de ved gymnastik. Vi har b\u00e5de hold onsdag og s\u00f8ndag.<\/p>\n<p>&nbsp;<\/p>\n<h6>Onsdag 19:30-20:30<\/h6>\n<h6>S\u00f8ndag 16:30-17:30<\/h6>\n<p>[\/et_pb_text][\/et_pb_column][et_pb_column type=&#8221;1_2&#8243; _builder_version=&#8221;4.21.0&#8243; _module_preset=&#8221;default&#8221; global_colors_info=&#8221;{}&#8221;][et_pb_image src=&#8221;https:\/\/hgfhammel.dk\/gymnastik\/wp-content\/uploads\/sites\/12\/2024\/06\/xfit.jpg&#8221; title_text=&#8221;CREATOR: gd-jpeg v1.0 (using IJG JPEG v80), quality = 90&#8243; _builder_version=&#8221;4.21.0&#8243; _module_preset=&#8221;default&#8221; global_colors_info=&#8221;{}&#8221;][\/et_pb_image][\/et_pb_column][\/et_pb_row][et_pb_row column_structure=&#8221;1_2,1_2&#8243; _builder_version=&#8221;4.21.0&#8243; _module_preset=&#8221;default&#8221; hover_enabled=&#8221;0&#8243; global_colors_info=&#8221;{}&#8221; sticky_enabled=&#8221;0&#8243; disabled_on=&#8221;off|off|on&#8221;][et_pb_column _builder_version=&#8221;4.21.0&#8243; _module_preset=&#8221;default&#8221; type=&#8221;1_2&#8243;][et_pb_image src=&#8221;https:\/\/hgfhammel.dk\/gymnastik\/wp-content\/uploads\/sites\/12\/2024\/06\/xfit.jpg&#8221; title_text=&#8221;CREATOR: gd-jpeg v1.0 (using IJG JPEG v80), quality = 90&#8243; _builder_version=&#8221;4.21.0&#8243; _module_preset=&#8221;default&#8221; global_colors_info=&#8221;{}&#8221;][\/et_pb_image][\/et_pb_column][et_pb_column type=&#8221;1_2&#8243; _builder_version=&#8221;4.21.0&#8243; _module_preset=&#8221;default&#8221; global_colors_info=&#8221;{}&#8221;][et_pb_text _builder_version=&#8221;4.21.0&#8243; _module_preset=&#8221;default&#8221; global_colors_info=&#8221;{}&#8221;]<\/p>\n<h2>CrossFit<\/h2>\n<h3>18 \u00e5r+ SPORTSPAS<\/h3>\n<p>&nbsp;<\/p>\n<p>P\u00e5 Springdrenge fokuserer vi p\u00e5 at udvikle b\u00f8rnenes springteknik, styrke og kropskontrol gennem forskellige sjove aktiviteter. Vi tr\u00e6ner grundl\u00e6ggende spring, samt arbejder med styrke\u00f8velser og smidighedstr\u00e6ning. Vores m\u00e5l er at skabe et motiverende tr\u00e6ningsmilj\u00f8, hvor alle b\u00f8rn kan deltage og udfolde deres potentiale, uanset niveau, og inspirere dem til at udvikle deres f\u00e6rdigheder og gl\u00e6de ved gymnastik. Vi har b\u00e5de hold onsdag og s\u00f8ndag.<\/p>\n<p>&nbsp;<\/p>\n<h6>Onsdag 19:30-20:30<\/h6>\n<h6>S\u00f8ndag 16:30-17:30<\/h6>\n<p>[\/et_pb_text][\/et_pb_column][\/et_pb_row][\/et_pb_section]<\/p>\n","protected":false},"excerpt":{"rendered":"<p>VoksenholdAfter Eight mix 18 \u00e5r+ SPORTSPAS &nbsp; After Eight mix er et gymnastikhold for dig der lige har g\u00e5et, eller en gang gik til gymnastik, og t\u00e6nker: \u201dDet vil jeg da egentligt gerne igen\u201d Sigtet med holdet er at \u00f8ve rytmisk gymnastik og tr\u00e6ne spring, og slutte \u00e5ret med en mix opvisning. Indtil opvisningen slutter [&hellip;]<\/p>\n","protected":false},"author":32,"featured_media":0,"parent":1608,"menu_order":0,"comment_status":"closed","ping_status":"closed","template":"","meta":{"_et_pb_use_builder":"on","_et_pb_old_content":"","_et_gb_content_width":""},"yoast_head":"<!-- This site is optimized with the Yoast SEO plugin v20.9 - https:\/\/yoast.com\/wordpress\/plugins\/seo\/ -->\n<title>Voksengymnastik - Gymnastik<\/title>\n<meta name=\"robots\" content=\"index, follow, max-snippet:-1, max-image-preview:large, max-video-preview:-1\" \/>\n<link rel=\"canonical\" href=\"https:\/\/hgfhammel.dk\/gymnastik\/til-gymnaster\/voksengymnastik\/\" \/>\n<meta property=\"og:locale\" content=\"da_DK\" \/>\n<meta property=\"og:type\" content=\"article\" \/>\n<meta property=\"og:title\" content=\"Voksengymnastik - Gymnastik\" \/>\n<meta property=\"og:description\" content=\"VoksenholdAfter Eight mix 18 \u00e5r+ SPORTSPAS &nbsp; After Eight mix er et gymnastikhold for dig der lige har g\u00e5et, eller en gang gik til gymnastik, og t\u00e6nker: \u201dDet vil jeg da egentligt gerne igen\u201d Sigtet med holdet er at \u00f8ve rytmisk gymnastik og tr\u00e6ne spring, og slutte \u00e5ret med en mix opvisning. Indtil opvisningen slutter [&hellip;]\" \/>\n<meta property=\"og:url\" content=\"https:\/\/hgfhammel.dk\/gymnastik\/til-gymnaster\/voksengymnastik\/\" \/>\n<meta property=\"og:site_name\" content=\"Gymnastik\" \/>\n<meta property=\"article:modified_time\" content=\"2024-08-17T11:37:51+00:00\" \/>\n<meta name=\"twitter:card\" content=\"summary_large_image\" \/>\n<meta name=\"twitter:label1\" content=\"Estimeret l\u00e6setid\" \/>\n\t<meta name=\"twitter:data1\" content=\"3 minutter\" \/>\n<!-- \/ Yoast SEO plugin. -->","yoast_head_json":{"title":"Voksengymnastik - Gymnastik","robots":{"index":"index","follow":"follow","max-snippet":"max-snippet:-1","max-image-preview":"max-image-preview:large","max-video-preview":"max-video-preview:-1"},"canonical":"https:\/\/hgfhammel.dk\/gymnastik\/til-gymnaster\/voksengymnastik\/","og_locale":"da_DK","og_type":"article","og_title":"Voksengymnastik - Gymnastik","og_description":"VoksenholdAfter Eight mix 18 \u00e5r+ SPORTSPAS &nbsp; After Eight mix er et gymnastikhold for dig der lige har g\u00e5et, eller en gang gik til gymnastik, og t\u00e6nker: \u201dDet vil jeg da egentligt gerne igen\u201d Sigtet med holdet er at \u00f8ve rytmisk gymnastik og tr\u00e6ne spring, og slutte \u00e5ret med en mix opvisning. Indtil opvisningen slutter [&hellip;]","og_url":"https:\/\/hgfhammel.dk\/gymnastik\/til-gymnaster\/voksengymnastik\/","og_site_name":"Gymnastik","article_modified_time":"2024-08-17T11:37:51+00:00","twitter_card":"summary_large_image","twitter_misc":{"Estimeret l\u00e6setid":"3 minutter"},"schema":{"@context":"https:\/\/schema.org","@graph":[{"@type":"WebPage","@id":"https:\/\/hgfhammel.dk\/gymnastik\/til-gymnaster\/voksengymnastik\/","url":"https:\/\/hgfhammel.dk\/gymnastik\/til-gymnaster\/voksengymnastik\/","name":"Voksengymnastik - Gymnastik","isPartOf":{"@id":"https:\/\/hgfhammel.dk\/gymnastik\/#website"},"datePublished":"2024-06-24T20:15:47+00:00","dateModified":"2024-08-17T11:37:51+00:00","breadcrumb":{"@id":"https:\/\/hgfhammel.dk\/gymnastik\/til-gymnaster\/voksengymnastik\/#breadcrumb"},"inLanguage":"da-DK","potentialAction":[{"@type":"ReadAction","target":["https:\/\/hgfhammel.dk\/gymnastik\/til-gymnaster\/voksengymnastik\/"]}]},{"@type":"BreadcrumbList","@id":"https:\/\/hgfhammel.dk\/gymnastik\/til-gymnaster\/voksengymnastik\/#breadcrumb","itemListElement":[{"@type":"ListItem","position":1,"name":"Hjem","item":"https:\/\/hgfhammel.dk\/gymnastik\/"},{"@type":"ListItem","position":2,"name":"Til gymnaster","item":"https:\/\/hgfhammel.dk\/gymnastik\/til-gymnaster\/"},{"@type":"ListItem","position":3,"name":"Voksengymnastik"}]},{"@type":"WebSite","@id":"https:\/\/hgfhammel.dk\/gymnastik\/#website","url":"https:\/\/hgfhammel.dk\/gymnastik\/","name":"Gymnastik","description":"Gymnastik","potentialAction":[{"@type":"SearchAction","target":{"@type":"EntryPoint","urlTemplate":"https:\/\/hgfhammel.dk\/gymnastik\/?s={search_term_string}"},"query-input":"required name=search_term_string"}],"inLanguage":"da-DK"}]}},"_links":{"self":[{"href":"https:\/\/hgfhammel.dk\/gymnastik\/wp-json\/wp\/v2\/pages\/1875"}],"collection":[{"href":"https:\/\/hgfhammel.dk\/gymnastik\/wp-json\/wp\/v2\/pages"}],"about":[{"href":"https:\/\/hgfhammel.dk\/gymnastik\/wp-json\/wp\/v2\/types\/page"}],"author":[{"embeddable":true,"href":"https:\/\/hgfhammel.dk\/gymnastik\/wp-json\/wp\/v2\/users\/32"}],"replies":[{"embeddable":true,"href":"https:\/\/hgfhammel.dk\/gymnastik\/wp-json\/wp\/v2\/comments?post=1875"}],"version-history":[{"count":9,"href":"https:\/\/hgfhammel.dk\/gymnastik\/wp-json\/wp\/v2\/pages\/1875\/revisions"}],"predecessor-version":[{"id":1900,"href":"https:\/\/hgfhammel.dk\/gymnastik\/wp-json\/wp\/v2\/pages\/1875\/revisions\/1900"}],"up":[{"embeddable":true,"href":"https:\/\/hgfhammel.dk\/gymnastik\/wp-json\/wp\/v2\/pages\/1608"}],"wp:attachment":[{"href":"https:\/\/hgfhammel.dk\/gymnastik\/wp-json\/wp\/v2\/media?parent=1875"}],"curies":[{"name":"wp","href":"https:\/\/api.w.org\/{rel}","templated":true}]}}