{"id":524,"date":"2018-09-27T11:21:50","date_gmt":"2018-09-27T09:21:50","guid":{"rendered":"http:\/\/hgfhammel.dk\/loeb\/?page_id=524"},"modified":"2026-03-02T20:11:17","modified_gmt":"2026-03-02T19:11:17","slug":"kommende-arrangementer","status":"publish","type":"page","link":"https:\/\/hgfhammel.dk\/loeb\/kommende-arrangementer\/","title":{"rendered":"Kommende arrangementer"},"content":{"rendered":"<p>[et_pb_section fb_built=&#8221;1&#8243; _builder_version=&#8221;4.16&#8243; global_colors_info=&#8221;{}&#8221;][et_pb_row _builder_version=&#8221;4.16&#8243; background_size=&#8221;initial&#8221; background_position=&#8221;top_left&#8221; background_repeat=&#8221;repeat&#8221; global_colors_info=&#8221;{}&#8221;][et_pb_column type=&#8221;4_4&#8243; _builder_version=&#8221;4.16&#8243; custom_padding=&#8221;|||&#8221; global_colors_info=&#8221;{}&#8221; custom_padding__hover=&#8221;|||&#8221;][et_pb_text _builder_version=&#8221;4.21.0&#8243; vertical_offset_tablet=&#8221;0&#8243; horizontal_offset_tablet=&#8221;0&#8243; hover_enabled=&#8221;0&#8243; z_index_tablet=&#8221;500&#8243; text_text_shadow_horizontal_length_tablet=&#8221;0px&#8221; text_text_shadow_vertical_length_tablet=&#8221;0px&#8221; text_text_shadow_blur_strength_tablet=&#8221;1px&#8221; link_text_shadow_horizontal_length_tablet=&#8221;0px&#8221; link_text_shadow_vertical_length_tablet=&#8221;0px&#8221; link_text_shadow_blur_strength_tablet=&#8221;1px&#8221; ul_text_shadow_horizontal_length_tablet=&#8221;0px&#8221; ul_text_shadow_vertical_length_tablet=&#8221;0px&#8221; ul_text_shadow_blur_strength_tablet=&#8221;1px&#8221; ol_text_shadow_horizontal_length_tablet=&#8221;0px&#8221; ol_text_shadow_vertical_length_tablet=&#8221;0px&#8221; ol_text_shadow_blur_strength_tablet=&#8221;1px&#8221; quote_text_shadow_horizontal_length_tablet=&#8221;0px&#8221; quote_text_shadow_vertical_length_tablet=&#8221;0px&#8221; quote_text_shadow_blur_strength_tablet=&#8221;1px&#8221; header_text_shadow_horizontal_length_tablet=&#8221;0px&#8221; header_text_shadow_vertical_length_tablet=&#8221;0px&#8221; header_text_shadow_blur_strength_tablet=&#8221;1px&#8221; header_2_text_shadow_horizontal_length_tablet=&#8221;0px&#8221; header_2_text_shadow_vertical_length_tablet=&#8221;0px&#8221; header_2_text_shadow_blur_strength_tablet=&#8221;1px&#8221; header_3_text_shadow_horizontal_length_tablet=&#8221;0px&#8221; header_3_text_shadow_vertical_length_tablet=&#8221;0px&#8221; header_3_text_shadow_blur_strength_tablet=&#8221;1px&#8221; header_4_text_shadow_horizontal_length_tablet=&#8221;0px&#8221; header_4_text_shadow_vertical_length_tablet=&#8221;0px&#8221; header_4_text_shadow_blur_strength_tablet=&#8221;1px&#8221; header_5_text_shadow_horizontal_length_tablet=&#8221;0px&#8221; header_5_text_shadow_vertical_length_tablet=&#8221;0px&#8221; header_5_text_shadow_blur_strength_tablet=&#8221;1px&#8221; header_6_text_shadow_horizontal_length_tablet=&#8221;0px&#8221; header_6_text_shadow_vertical_length_tablet=&#8221;0px&#8221; header_6_text_shadow_blur_strength_tablet=&#8221;1px&#8221; box_shadow_horizontal_tablet=&#8221;0px&#8221; box_shadow_vertical_tablet=&#8221;0px&#8221; box_shadow_blur_tablet=&#8221;40px&#8221; box_shadow_spread_tablet=&#8221;0px&#8221; global_colors_info=&#8221;{}&#8221; sticky_enabled=&#8221;0&#8243;]<\/p>\n<table style=\"width: 857px;\" width=\"1386\">\n<tbody>\n<tr style=\"height: 74px;\">\n<td style=\"width: 857px; height: 74px;\">\n<h3>Kommende arrangementer 2026<\/h3>\n<\/td>\n<\/tr>\n<\/tbody>\n<\/table>\n<table style=\"width: 1004px; height: 554px;\" border=\"0\" width=\"1385\">\n<tbody>\n<tr style=\"height: 23px;\">\n<td class=\"dlBankRow\" style=\"width: 169.318px; height: 23px;\" valign=\"top\"><strong>Dato<\/strong><\/td>\n<td class=\"dlBankRow\" style=\"width: 82.1591px; height: 23px;\" valign=\"top\"><strong>Kl.<\/strong><\/td>\n<td class=\"dlBankRow\" style=\"width: 404.763px; height: 23px;\" valign=\"top\"><strong>Arrangement<\/strong><\/td>\n<td style=\"width: 84.1572px; height: 23px;\">\u00a0<\/td>\n<td style=\"width: 235.473px; height: 23px;\">\u00a0<\/td>\n<\/tr>\n<tr style=\"height: 30px;\">\n<td style=\"width: 169.318px; height: 30px;\">\u00a0<\/td>\n<td style=\"width: 82.1591px; height: 30px;\">\u00a0<\/td>\n<td style=\"width: 404.763px; height: 30px;\">\u00a0<\/td>\n<td style=\"width: 84.1572px; height: 30px;\">\u00a0<\/td>\n<td style=\"width: 235.473px; height: 30px;\">\u00a0<\/td>\n<\/tr>\n<tr style=\"height: 39px;\">\n<td style=\"width: 169.318px; height: 39px;\">01.01.2026<\/td>\n<td style=\"width: 82.1591px; height: 39px;\">13:00<\/td>\n<td style=\"width: 404.763px; height: 39px;\">&#8220;T\u00f8mmerm\u00e6nds&#8221; walk\/l\u00f8b<\/td>\n<td style=\"width: 84.1572px; height: 39px;\">\u00a0<\/td>\n<td style=\"width: 235.473px; height: 39px;\">Medbring 1\u00f8l\/vand<\/td>\n<\/tr>\n<tr style=\"height: 23px;\">\n<td style=\"width: 169.318px; height: 23px;\">04.01.2026<\/td>\n<td style=\"width: 82.1591px; height: 23px;\">11:30<\/td>\n<td style=\"width: 404.763px; height: 23px;\">Suppedag<\/td>\n<td style=\"width: 84.1572px; height: 23px;\">\u00a0<\/td>\n<td style=\"width: 235.473px; height: 23px;\">\u00a0<\/td>\n<\/tr>\n<tr>\n<td style=\"width: 169.318px;\">15.03.2026<\/td>\n<td style=\"width: 82.1591px;\">10:00<\/td>\n<td style=\"width: 404.763px;\">S\u00e6sonstart<\/td>\n<td style=\"width: 84.1572px;\">\u00a0<\/td>\n<td style=\"width: 235.473px;\">Tilmelding klubmodul<\/td>\n<\/tr>\n<tr style=\"height: 23px;\">\n<td style=\"width: 169.318px; height: 23px;\">22.03.2026<\/td>\n<td style=\"width: 82.1591px; height: 23px;\">11:40<\/td>\n<td style=\"width: 404.763px; height: 23px;\">Generalforsamling efter tr\u00e6ning. Efterf\u00f8lgende p\u00f8lsebord<\/td>\n<td style=\"width: 84.1572px; height: 23px;\">\u00a0<\/td>\n<td style=\"width: 235.473px; height: 23px;\">Tilmelding klubmodul<\/td>\n<\/tr>\n<tr style=\"height: 23px;\">\n<td class=\"dlBankRow\" style=\"width: 169.318px; height: 23px;\" valign=\"top\">12.04.2026<\/td>\n<td class=\"dlBankRow\" style=\"width: 82.1591px; height: 23px;\" valign=\"top\">13:00<\/td>\n<td class=\"dlBankRow\" style=\"width: 404.763px; height: 23px;\" valign=\"top\">Skv\u00e6t Skovl\u00f8b (Gratisl\u00f8b)<\/td>\n<td style=\"width: 84.1572px; height: 23px;\">\u00a0<\/td>\n<td style=\"width: 235.473px; height: 23px;\">Tilmelding klubmodul<\/td>\n<\/tr>\n<tr style=\"height: 23px;\">\n<td class=\"dlBankRowAlt\" style=\"width: 169.318px; height: 23px;\" valign=\"top\">26.04.2026<\/td>\n<td class=\"dlBankRowAlt\" style=\"width: 82.1591px; height: 23px;\" valign=\"top\">10:00<\/td>\n<td class=\"dlBankRowAlt\" style=\"width: 404.763px; height: 23px;\" valign=\"top\">Mokost Lading<\/td>\n<td class=\"dlBankRowAlt\" style=\"width: 84.1572px; height: 23px;\" valign=\"top\">\u00a0<\/td>\n<td style=\"width: 235.473px; height: 23px;\">Tilmelding klubmodul<\/td>\n<\/tr>\n<tr style=\"height: 23px;\">\n<td class=\"dlBankRow\" style=\"width: 169.318px; height: 23px;\" valign=\"top\">02.05.2026<\/td>\n<td class=\"dlBankRow\" style=\"width: 82.1591px; height: 23px;\" valign=\"top\">08:30<\/td>\n<td class=\"dlBankRow\" style=\"width: 404.763px; height: 23px;\" valign=\"top\">Klubtur Lilleb\u00e6lt<\/td>\n<td style=\"width: 84.1572px; height: 23px;\">\u00a0<\/td>\n<td style=\"width: 235.473px; height: 23px;\">Skal selv melde sig til l\u00f8b<\/td>\n<\/tr>\n<tr style=\"height: 23px;\">\n<td class=\"dlBankRowAlt\" style=\"width: 169.318px; height: 23px;\" valign=\"top\">\u00a0<\/td>\n<td class=\"dlBankRowAlt\" style=\"width: 82.1591px; height: 23px;\" valign=\"top\">\u00a0<\/td>\n<td class=\"dlBankRowAlt\" style=\"width: 404.763px; height: 23px;\" valign=\"top\">\u00a0<\/td>\n<td class=\"dlBankRowAlt\" style=\"width: 84.1572px; height: 23px;\" valign=\"top\">\u00a0<\/td>\n<td style=\"width: 235.473px; height: 23px;\">\u00a0<\/td>\n<\/tr>\n<tr style=\"height: 23px;\">\n<td style=\"width: 169.318px; height: 23px;\">04.06.2026<\/td>\n<td style=\"width: 82.1591px; height: 23px;\">\u00a0<\/td>\n<td class=\"dlBankRowAlt\" style=\"width: 404.763px; height: 23px;\" valign=\"top\">Djursland Bankl\u00f8bet i Hinnerup (Gratisl\u00f8b)<\/td>\n<td style=\"width: 84.1572px; height: 23px;\">\u00a0<\/td>\n<td style=\"width: 235.473px; height: 23px;\">Tilmelding klubmodul<\/td>\n<\/tr>\n<tr style=\"height: 23px;\">\n<td style=\"width: 169.318px; height: 23px;\">14.06.2026<\/td>\n<td style=\"width: 82.1591px; height: 23px;\">\u00a0<\/td>\n<td style=\"width: 404.763px; height: 23px;\">Aarhus 1\/2 marathon og 11,5 km. (L\u00f8b med tilskud til startnr.)<\/td>\n<td class=\"dlBankRowAlt\" style=\"width: 84.1572px; height: 23px;\" valign=\"top\">\u00a0<\/td>\n<td style=\"width: 235.473px; height: 23px;\">Skal selv melde sig til l\u00f8b<\/td>\n<\/tr>\n<tr style=\"height: 23px;\">\n<td class=\"dlBankRow\" style=\"width: 169.318px; height: 23px;\" valign=\"top\">19.06.2026<\/td>\n<td class=\"dlBankRow\" style=\"width: 82.1591px; height: 23px;\" valign=\"top\">16:45<\/td>\n<td class=\"dlBankRow\" style=\"width: 404.763px; height: 23px;\" valign=\"top\">Sommerparty med efterf\u00f8lgende grill<\/td>\n<td style=\"width: 84.1572px; height: 23px;\">\u00a0<\/td>\n<td style=\"width: 235.473px; height: 23px;\">Tilmelding klubmodul<\/td>\n<\/tr>\n<tr style=\"height: 23px;\">\n<td style=\"width: 169.318px; height: 23px;\">03.09.2026<\/td>\n<td style=\"width: 82.1591px; height: 23px;\">\u00a0<\/td>\n<td style=\"width: 404.763px; height: 23px;\">Frijsenborgl\u00f8bet<\/td>\n<td style=\"width: 84.1572px; height: 23px;\">\u00a0<\/td>\n<td style=\"width: 235.473px; height: 23px;\">Skal selv melde sig til l\u00f8b<\/td>\n<\/tr>\n<tr style=\"height: 23px;\">\n<td class=\"dlBankRow\" style=\"width: 169.318px; height: 23px;\" valign=\"top\">25.10.2026<\/td>\n<td class=\"dlBankRow\" style=\"width: 82.1591px; height: 23px;\" valign=\"top\">\u00a0<\/td>\n<td class=\"dlBankRow\" style=\"width: 404.763px; height: 23px;\" valign=\"top\">Himmelbjergl\u00f8bet (l\u00f8b &amp; vandre)<\/td>\n<td style=\"width: 84.1572px; height: 23px;\">\u00a0<\/td>\n<td style=\"width: 235.473px; height: 23px;\">Tilmelding klubmodul<\/td>\n<\/tr>\n<tr style=\"height: 23px;\">\n<td class=\"dlBankRow\" style=\"width: 169.318px; height: 24px;\" valign=\"top\">xx.xx.2026<\/td>\n<td class=\"dlBankRow\" style=\"width: 82.1591px; height: 24px;\" valign=\"top\">\u00a0<\/td>\n<td class=\"dlBankRow\" style=\"width: 404.763px; height: 24px;\" valign=\"top\">Julefrokost<\/td>\n<td style=\"width: 84.1572px; height: 24px;\">\u00a0<\/td>\n<td style=\"width: 235.473px; height: 24px;\">Tilmelding klubmodul<\/td>\n<\/tr>\n<tr style=\"height: 23px;\">\n<td style=\"width: 169.318px; height: 23px;\">xx.xx.2026<\/td>\n<td style=\"width: 82.1591px; height: 23px;\">11:30<\/td>\n<td style=\"width: 404.763px; height: 23px;\">\u00c6bleskiver<\/td>\n<td style=\"width: 84.1572px; height: 23px;\">\u00a0<\/td>\n<td style=\"width: 235.473px; height: 23px;\">\u00a0<\/td>\n<\/tr>\n<tr style=\"height: 23px;\">\n<td style=\"width: 169.318px; height: 23px;\">31.12.2026<\/td>\n<td style=\"width: 82.1591px; height: 23px;\">09:30<\/td>\n<td style=\"width: 404.763px; height: 23px;\">Nyt\u00e5rsl\u00f8b med bobler &amp; kransekage<\/td>\n<td style=\"width: 84.1572px; height: 23px;\">\u00a0<\/td>\n<td style=\"width: 235.473px; height: 23px;\">Tilmelding klubmodul<\/td>\n<\/tr>\n<tr style=\"height: 23px;\">\n<td class=\"dlBankRow\" style=\"width: 169.318px; height: 23px;\" valign=\"top\">01.01.2027<\/td>\n<td class=\"dlBankRow\" style=\"width: 82.1591px; height: 23px;\" valign=\"top\">13:00<\/td>\n<td class=\"dlBankRow\" style=\"width: 404.763px; height: 23px;\" valign=\"top\">&#8220;T\u00f8mmerm\u00e6nds&#8221; l\u00f8b<\/td>\n<td style=\"width: 84.1572px; height: 23px;\">\u00a0<\/td>\n<td style=\"width: 235.473px; height: 23px;\">Medbring 1\u00f8l\/vand<\/td>\n<\/tr>\n<tr style=\"height: 23px;\">\n<td class=\"dlBankRow\" style=\"width: 169.318px; height: 23px;\" valign=\"top\">03.01.2027<\/td>\n<td class=\"dlBankRow\" style=\"width: 82.1591px; height: 23px;\" valign=\"top\">11:30<\/td>\n<td class=\"dlBankRow\" style=\"width: 404.763px; height: 23px;\" valign=\"top\">Suppedag<\/td>\n<td style=\"width: 84.1572px; height: 23px;\">\u00a0<\/td>\n<td style=\"width: 235.473px; height: 23px;\">\u00a0<\/td>\n<\/tr>\n<tr style=\"height: 23px;\">\n<td style=\"width: 169.318px; height: 23px;\">\u00a0<\/td>\n<td style=\"width: 82.1591px; height: 23px;\">\u00a0<\/td>\n<td style=\"width: 404.763px; height: 23px;\">\u00a0<\/td>\n<td style=\"width: 84.1572px; height: 23px;\">\u00a0<\/td>\n<td style=\"width: 235.473px; height: 23px;\">\u00a0<\/td>\n<\/tr>\n<tr style=\"height: 23px;\">\n<td class=\"dlBankRow\" style=\"width: 169.318px; height: 24px;\" valign=\"top\">\u00a0<\/td>\n<td class=\"dlBankRow\" style=\"width: 82.1591px; height: 24px;\" valign=\"top\">\u00a0<\/td>\n<td class=\"dlBankRow\" style=\"width: 404.763px; height: 24px;\" valign=\"top\">\u00a0<\/td>\n<td style=\"width: 84.1572px; height: 24px;\">\u00a0<\/td>\n<td style=\"width: 235.473px; height: 24px;\">\u00a0<\/td>\n<\/tr>\n<tr style=\"height: 23px;\">\n<td style=\"width: 169.318px; height: 23px;\">\u00a0<\/td>\n<td style=\"width: 82.1591px; height: 23px;\">\u00a0<\/td>\n<td style=\"width: 404.763px; height: 23px;\">\u00a0<\/td>\n<td style=\"width: 84.1572px; height: 23px;\">\u00a0<\/td>\n<td style=\"width: 235.473px; height: 23px;\">\u00a0<\/td>\n<\/tr>\n<tr style=\"height: 23px;\">\n<td class=\"dlBankRow\" style=\"width: 169.318px; height: 23px;\" valign=\"top\">\u00a0<\/td>\n<td class=\"dlBankRow\" style=\"width: 82.1591px; height: 23px;\" valign=\"top\">\u00a0<\/td>\n<td class=\"dlBankRow\" style=\"width: 404.763px; height: 23px;\" valign=\"top\">\u00a0<\/td>\n<td style=\"width: 84.1572px; height: 23px;\">\u00a0<\/td>\n<td style=\"width: 235.473px; height: 23px;\">\u00a0<\/td>\n<\/tr>\n<\/tbody>\n<\/table>\n<p>&nbsp;<\/p>\n<p>[\/et_pb_text][\/et_pb_column][\/et_pb_row][\/et_pb_section][et_pb_section fb_built=&#8221;1&#8243; _builder_version=&#8221;4.16&#8243; global_colors_info=&#8221;{}&#8221;][et_pb_row column_structure=&#8221;1_4,1_4,1_4,1_4&#8243; make_equal=&#8221;on&#8221; module_class=&#8221;sponsorlogo_row&#8221; _builder_version=&#8221;4.16&#8243; global_colors_info=&#8221;{}&#8221;][et_pb_column type=&#8221;1_4&#8243; _builder_version=&#8221;4.16&#8243; custom_padding=&#8221;|||&#8221; global_colors_info=&#8221;{}&#8221; custom_padding__hover=&#8221;|||&#8221;][et_pb_image src=&#8221;http:\/\/hgfhammel.dk\/wp-content\/uploads\/2018\/08\/sponsor_kronjylland.png&#8221; url=&#8221;https:\/\/google.dk&#8221; url_new_window=&#8221;on&#8221; align_tablet=&#8221;center&#8221; align_phone=&#8221;&#8221; align_last_edited=&#8221;on|desktop&#8221; admin_label=&#8221;Sponsor logo&#8221; module_class=&#8221;sponsorlogo&#8221; _builder_version=&#8221;4.16&#8243; saved_tabs=&#8221;all&#8221; global_colors_info=&#8221;{}&#8221;]<br \/>\n[\/et_pb_image][\/et_pb_column][et_pb_column type=&#8221;1_4&#8243; _builder_version=&#8221;4.16&#8243; custom_padding=&#8221;|||&#8221; global_colors_info=&#8221;{}&#8221; custom_padding__hover=&#8221;|||&#8221;][et_pb_image src=&#8221;http:\/\/hgfhammel.dk\/wp-content\/uploads\/2018\/08\/sponsor_jordgaard.png&#8221; url=&#8221;https:\/\/google.dk&#8221; url_new_window=&#8221;on&#8221; align_tablet=&#8221;center&#8221; align_phone=&#8221;&#8221; align_last_edited=&#8221;on|desktop&#8221; admin_label=&#8221;Sponsor logo&#8221; module_class=&#8221;sponsorlogo&#8221; _builder_version=&#8221;4.16&#8243; saved_tabs=&#8221;all&#8221; global_colors_info=&#8221;{}&#8221;]<br \/>\n[\/et_pb_image][\/et_pb_column][et_pb_column type=&#8221;1_4&#8243; _builder_version=&#8221;4.16&#8243; custom_padding=&#8221;|||&#8221; global_colors_info=&#8221;{}&#8221; custom_padding__hover=&#8221;|||&#8221;][et_pb_image src=&#8221;http:\/\/hgfhammel.dk\/wp-content\/uploads\/2018\/08\/sponsor-olehagen.png&#8221; url=&#8221;https:\/\/google.dk&#8221; url_new_window=&#8221;on&#8221; align_tablet=&#8221;center&#8221; align_phone=&#8221;&#8221; align_last_edited=&#8221;on|desktop&#8221; admin_label=&#8221;Sponsor logo&#8221; module_class=&#8221;sponsorlogo&#8221; _builder_version=&#8221;4.16&#8243; saved_tabs=&#8221;all&#8221; global_colors_info=&#8221;{}&#8221;]<br \/>\n[\/et_pb_image][\/et_pb_column][et_pb_column type=&#8221;1_4&#8243; _builder_version=&#8221;4.16&#8243; custom_padding=&#8221;|||&#8221; global_colors_info=&#8221;{}&#8221; custom_padding__hover=&#8221;|||&#8221;][et_pb_image src=&#8221;http:\/\/hgfhammel.dk\/wp-content\/uploads\/2018\/08\/sponsor_oeko.png&#8221; url=&#8221;https:\/\/google.dk&#8221; url_new_window=&#8221;on&#8221; align=&#8221;center&#8221; align_tablet=&#8221;center&#8221; align_phone=&#8221;&#8221; align_last_edited=&#8221;on|desktop&#8221; admin_label=&#8221;Sponsor logo&#8221; module_class=&#8221;sponsorlogo&#8221; _builder_version=&#8221;4.16&#8243; saved_tabs=&#8221;all&#8221; global_colors_info=&#8221;{}&#8221;]<br \/>\n[\/et_pb_image][\/et_pb_column][\/et_pb_row][\/et_pb_section][et_pb_section fb_built=&#8221;1&#8243; fullwidth=&#8221;on&#8221; _builder_version=&#8221;4.16&#8243; global_colors_info=&#8221;{}&#8221;][et_pb_fullwidth_code admin_label=&#8221;Googlemaps&#8221; _builder_version=&#8221;4.16&#8243; vertical_offset_tablet=&#8221;0&#8243; horizontal_offset_tablet=&#8221;0&#8243; box_shadow_horizontal_tablet=&#8221;0px&#8221; box_shadow_vertical_tablet=&#8221;0px&#8221; box_shadow_blur_tablet=&#8221;40px&#8221; box_shadow_spread_tablet=&#8221;0px&#8221; global_colors_info=&#8221;{}&#8221;]<iframe loading=\"lazy\" src=\"https:\/\/www.google.com\/maps\/embed?pb=!1m18!1m12!1m3!1d2216.042716855098!2d9.86596631606411!3d56.26004396022292!2m3!1f0!2f0!3f0!3m2!1i1024!2i768!4f13.1!3m3!1m2!1s0x464c0e8189cf8285%3A0x5be75ea14821ae4b!2sHammel%20Idr%C3%A6tscenter!5e0!3m2!1sda!2sdk!4v1597091628093!5m2!1sda!2sdk\" width=\"1600\" height=\"450\" frameborder=\"0\" style=\"border:0;\" allowfullscreen=\"\" aria-hidden=\"false\" tabindex=\"0\"><\/iframe>[\/et_pb_fullwidth_code][\/et_pb_section]<\/p>\n","protected":false},"excerpt":{"rendered":"<p>Kommende arrangementer 2026 Dato Kl. Arrangement \u00a0 \u00a0 \u00a0 \u00a0 \u00a0 \u00a0 \u00a0 01.01.2026 13:00 &#8220;T\u00f8mmerm\u00e6nds&#8221; walk\/l\u00f8b \u00a0 Medbring 1\u00f8l\/vand 04.01.2026 11:30 Suppedag \u00a0 \u00a0 15.03.2026 10:00 S\u00e6sonstart \u00a0 Tilmelding klubmodul 22.03.2026 11:40 Generalforsamling efter tr\u00e6ning. Efterf\u00f8lgende p\u00f8lsebord \u00a0 Tilmelding klubmodul 12.04.2026 13:00 Skv\u00e6t Skovl\u00f8b (Gratisl\u00f8b) \u00a0 Tilmelding klubmodul 26.04.2026 10:00 Mokost Lading \u00a0 Tilmelding [&hellip;]<\/p>\n","protected":false},"author":18,"featured_media":0,"parent":0,"menu_order":0,"comment_status":"closed","ping_status":"closed","template":"","meta":{"_et_pb_use_builder":"on","_et_pb_old_content":"","_et_gb_content_width":""},"yoast_head":"<!-- This site is optimized with the Yoast SEO plugin v20.9 - https:\/\/yoast.com\/wordpress\/plugins\/seo\/ -->\n<title>Kommende arrangementer - L\u00f8b &amp; Motion<\/title>\n<meta name=\"robots\" content=\"index, follow, max-snippet:-1, max-image-preview:large, max-video-preview:-1\" \/>\n<link rel=\"canonical\" href=\"https:\/\/hgfhammel.dk\/loeb\/kommende-arrangementer\/\" \/>\n<meta property=\"og:locale\" content=\"da_DK\" \/>\n<meta property=\"og:type\" content=\"article\" \/>\n<meta property=\"og:title\" content=\"Kommende arrangementer - L\u00f8b &amp; Motion\" \/>\n<meta property=\"og:description\" content=\"Kommende arrangementer 2026 Dato Kl. Arrangement \u00a0 \u00a0 \u00a0 \u00a0 \u00a0 \u00a0 \u00a0 01.01.2026 13:00 &quot;T\u00f8mmerm\u00e6nds&quot; walk\/l\u00f8b \u00a0 Medbring 1\u00f8l\/vand 04.01.2026 11:30 Suppedag \u00a0 \u00a0 15.03.2026 10:00 S\u00e6sonstart \u00a0 Tilmelding klubmodul 22.03.2026 11:40 Generalforsamling efter tr\u00e6ning. Efterf\u00f8lgende p\u00f8lsebord \u00a0 Tilmelding klubmodul 12.04.2026 13:00 Skv\u00e6t Skovl\u00f8b (Gratisl\u00f8b) \u00a0 Tilmelding klubmodul 26.04.2026 10:00 Mokost Lading \u00a0 Tilmelding [&hellip;]\" \/>\n<meta property=\"og:url\" content=\"https:\/\/hgfhammel.dk\/loeb\/kommende-arrangementer\/\" \/>\n<meta property=\"og:site_name\" content=\"L\u00f8b &amp; Motion\" \/>\n<meta property=\"article:modified_time\" content=\"2026-03-02T19:11:17+00:00\" \/>\n<meta name=\"twitter:card\" content=\"summary_large_image\" \/>\n<meta name=\"twitter:label1\" content=\"Estimeret l\u00e6setid\" \/>\n\t<meta name=\"twitter:data1\" content=\"2 minutter\" \/>\n<!-- \/ Yoast SEO plugin. -->","yoast_head_json":{"title":"Kommende arrangementer - L\u00f8b &amp; Motion","robots":{"index":"index","follow":"follow","max-snippet":"max-snippet:-1","max-image-preview":"max-image-preview:large","max-video-preview":"max-video-preview:-1"},"canonical":"https:\/\/hgfhammel.dk\/loeb\/kommende-arrangementer\/","og_locale":"da_DK","og_type":"article","og_title":"Kommende arrangementer - L\u00f8b &amp; Motion","og_description":"Kommende arrangementer 2026 Dato Kl. Arrangement \u00a0 \u00a0 \u00a0 \u00a0 \u00a0 \u00a0 \u00a0 01.01.2026 13:00 \"T\u00f8mmerm\u00e6nds\" walk\/l\u00f8b \u00a0 Medbring 1\u00f8l\/vand 04.01.2026 11:30 Suppedag \u00a0 \u00a0 15.03.2026 10:00 S\u00e6sonstart \u00a0 Tilmelding klubmodul 22.03.2026 11:40 Generalforsamling efter tr\u00e6ning. Efterf\u00f8lgende p\u00f8lsebord \u00a0 Tilmelding klubmodul 12.04.2026 13:00 Skv\u00e6t Skovl\u00f8b (Gratisl\u00f8b) \u00a0 Tilmelding klubmodul 26.04.2026 10:00 Mokost Lading \u00a0 Tilmelding [&hellip;]","og_url":"https:\/\/hgfhammel.dk\/loeb\/kommende-arrangementer\/","og_site_name":"L\u00f8b &amp; Motion","article_modified_time":"2026-03-02T19:11:17+00:00","twitter_card":"summary_large_image","twitter_misc":{"Estimeret l\u00e6setid":"2 minutter"},"schema":{"@context":"https:\/\/schema.org","@graph":[{"@type":"WebPage","@id":"https:\/\/hgfhammel.dk\/loeb\/kommende-arrangementer\/","url":"https:\/\/hgfhammel.dk\/loeb\/kommende-arrangementer\/","name":"Kommende arrangementer - L\u00f8b &amp; Motion","isPartOf":{"@id":"https:\/\/hgfhammel.dk\/loeb\/#website"},"datePublished":"2018-09-27T09:21:50+00:00","dateModified":"2026-03-02T19:11:17+00:00","breadcrumb":{"@id":"https:\/\/hgfhammel.dk\/loeb\/kommende-arrangementer\/#breadcrumb"},"inLanguage":"da-DK","potentialAction":[{"@type":"ReadAction","target":["https:\/\/hgfhammel.dk\/loeb\/kommende-arrangementer\/"]}]},{"@type":"BreadcrumbList","@id":"https:\/\/hgfhammel.dk\/loeb\/kommende-arrangementer\/#breadcrumb","itemListElement":[{"@type":"ListItem","position":1,"name":"Hjem","item":"https:\/\/hgfhammel.dk\/loeb\/"},{"@type":"ListItem","position":2,"name":"Kommende arrangementer"}]},{"@type":"WebSite","@id":"https:\/\/hgfhammel.dk\/loeb\/#website","url":"https:\/\/hgfhammel.dk\/loeb\/","name":"L\u00f8b &amp; Motion","description":"L\u00f8b &amp; Motion","potentialAction":[{"@type":"SearchAction","target":{"@type":"EntryPoint","urlTemplate":"https:\/\/hgfhammel.dk\/loeb\/?s={search_term_string}"},"query-input":"required name=search_term_string"}],"inLanguage":"da-DK"}]}},"_links":{"self":[{"href":"https:\/\/hgfhammel.dk\/loeb\/wp-json\/wp\/v2\/pages\/524"}],"collection":[{"href":"https:\/\/hgfhammel.dk\/loeb\/wp-json\/wp\/v2\/pages"}],"about":[{"href":"https:\/\/hgfhammel.dk\/loeb\/wp-json\/wp\/v2\/types\/page"}],"author":[{"embeddable":true,"href":"https:\/\/hgfhammel.dk\/loeb\/wp-json\/wp\/v2\/users\/18"}],"replies":[{"embeddable":true,"href":"https:\/\/hgfhammel.dk\/loeb\/wp-json\/wp\/v2\/comments?post=524"}],"version-history":[{"count":29,"href":"https:\/\/hgfhammel.dk\/loeb\/wp-json\/wp\/v2\/pages\/524\/revisions"}],"predecessor-version":[{"id":5527,"href":"https:\/\/hgfhammel.dk\/loeb\/wp-json\/wp\/v2\/pages\/524\/revisions\/5527"}],"wp:attachment":[{"href":"https:\/\/hgfhammel.dk\/loeb\/wp-json\/wp\/v2\/media?parent=524"}],"curies":[{"name":"wp","href":"https:\/\/api.w.org\/{rel}","templated":true}]}}