{"id":603,"date":"2018-10-06T11:39:54","date_gmt":"2018-10-06T09:39:54","guid":{"rendered":"http:\/\/hgfhammel.dk\/loeb\/?page_id=603"},"modified":"2020-08-11T21:02:23","modified_gmt":"2020-08-11T19:02:23","slug":"klubmesterskab-5-km","status":"publish","type":"page","link":"https:\/\/hgfhammel.dk\/loeb\/klubmesterskab-5-km\/","title":{"rendered":"Klubmesterskab 5 km"},"content":{"rendered":"<p>[et_pb_section bb_built=&#8221;1&#8243; _builder_version=&#8221;3.17.5&#8243; use_background_color_gradient=&#8221;on&#8221; background_color_gradient_start=&#8221;#fcfffd&#8221; background_color_gradient_end=&#8221;#68706b&#8221; background_blend=&#8221;lighten&#8221; custom_padding=&#8221;25px|0px|57.5469px|0px|false|false&#8221; inner_width=&#8221;auto&#8221; inner_max_width=&#8221;none&#8221; next_background_color=&#8221;#ffffff&#8221;][et_pb_row _builder_version=&#8221;3.17.5&#8243; width=&#8221;80%&#8221; max_width=&#8221;1080px&#8221;][et_pb_column type=&#8221;1_2&#8243; custom_padding__hover=&#8221;|||&#8221; custom_padding=&#8221;|||&#8221;][et_pb_text _builder_version=&#8221;3.23.3&#8243; width=&#8221;80%&#8221; width_phone=&#8221;50px&#8221; max_width=&#8221;1080px&#8221; max_width_tablet=&#8221;100px&#8221; max_width_phone=&#8221;50px&#8221; text_text_shadow_horizontal_length=&#8221;text_text_shadow_style,%91object Object%93&#8243; text_text_shadow_horizontal_length_tablet=&#8221;0px&#8221; text_text_shadow_vertical_length=&#8221;text_text_shadow_style,%91object Object%93&#8243; text_text_shadow_vertical_length_tablet=&#8221;0px&#8221; text_text_shadow_blur_strength=&#8221;text_text_shadow_style,%91object Object%93&#8243; text_text_shadow_blur_strength_tablet=&#8221;1px&#8221; link_text_shadow_horizontal_length=&#8221;link_text_shadow_style,%91object Object%93&#8243; link_text_shadow_horizontal_length_tablet=&#8221;0px&#8221; link_text_shadow_vertical_length=&#8221;link_text_shadow_style,%91object Object%93&#8243; link_text_shadow_vertical_length_tablet=&#8221;0px&#8221; link_text_shadow_blur_strength=&#8221;link_text_shadow_style,%91object Object%93&#8243; link_text_shadow_blur_strength_tablet=&#8221;1px&#8221; ul_text_shadow_horizontal_length=&#8221;ul_text_shadow_style,%91object Object%93&#8243; ul_text_shadow_horizontal_length_tablet=&#8221;0px&#8221; ul_text_shadow_vertical_length=&#8221;ul_text_shadow_style,%91object Object%93&#8243; ul_text_shadow_vertical_length_tablet=&#8221;0px&#8221; ul_text_shadow_blur_strength=&#8221;ul_text_shadow_style,%91object Object%93&#8243; ul_text_shadow_blur_strength_tablet=&#8221;1px&#8221; ol_text_shadow_horizontal_length=&#8221;ol_text_shadow_style,%91object Object%93&#8243; ol_text_shadow_horizontal_length_tablet=&#8221;0px&#8221; ol_text_shadow_vertical_length=&#8221;ol_text_shadow_style,%91object Object%93&#8243; ol_text_shadow_vertical_length_tablet=&#8221;0px&#8221; ol_text_shadow_blur_strength=&#8221;ol_text_shadow_style,%91object Object%93&#8243; ol_text_shadow_blur_strength_tablet=&#8221;1px&#8221; quote_text_shadow_horizontal_length=&#8221;quote_text_shadow_style,%91object Object%93&#8243; quote_text_shadow_horizontal_length_tablet=&#8221;0px&#8221; quote_text_shadow_vertical_length=&#8221;quote_text_shadow_style,%91object Object%93&#8243; quote_text_shadow_vertical_length_tablet=&#8221;0px&#8221; quote_text_shadow_blur_strength=&#8221;quote_text_shadow_style,%91object Object%93&#8243; quote_text_shadow_blur_strength_tablet=&#8221;1px&#8221; header_text_shadow_horizontal_length=&#8221;header_text_shadow_style,%91object Object%93&#8243; header_text_shadow_horizontal_length_tablet=&#8221;0px&#8221; header_text_shadow_vertical_length=&#8221;header_text_shadow_style,%91object Object%93&#8243; header_text_shadow_vertical_length_tablet=&#8221;0px&#8221; header_text_shadow_blur_strength=&#8221;header_text_shadow_style,%91object Object%93&#8243; header_text_shadow_blur_strength_tablet=&#8221;1px&#8221; header_2_text_shadow_horizontal_length=&#8221;header_2_text_shadow_style,%91object Object%93&#8243; header_2_text_shadow_horizontal_length_tablet=&#8221;0px&#8221; header_2_text_shadow_vertical_length=&#8221;header_2_text_shadow_style,%91object Object%93&#8243; header_2_text_shadow_vertical_length_tablet=&#8221;0px&#8221; header_2_text_shadow_blur_strength=&#8221;header_2_text_shadow_style,%91object Object%93&#8243; header_2_text_shadow_blur_strength_tablet=&#8221;1px&#8221; header_3_text_shadow_horizontal_length=&#8221;header_3_text_shadow_style,%91object Object%93&#8243; header_3_text_shadow_horizontal_length_tablet=&#8221;0px&#8221; header_3_text_shadow_vertical_length=&#8221;header_3_text_shadow_style,%91object Object%93&#8243; header_3_text_shadow_vertical_length_tablet=&#8221;0px&#8221; header_3_text_shadow_blur_strength=&#8221;header_3_text_shadow_style,%91object Object%93&#8243; header_3_text_shadow_blur_strength_tablet=&#8221;1px&#8221; header_4_text_shadow_horizontal_length=&#8221;header_4_text_shadow_style,%91object Object%93&#8243; header_4_text_shadow_horizontal_length_tablet=&#8221;0px&#8221; header_4_text_shadow_vertical_length=&#8221;header_4_text_shadow_style,%91object Object%93&#8243; header_4_text_shadow_vertical_length_tablet=&#8221;0px&#8221; header_4_text_shadow_blur_strength=&#8221;header_4_text_shadow_style,%91object Object%93&#8243; header_4_text_shadow_blur_strength_tablet=&#8221;1px&#8221; header_5_text_shadow_horizontal_length=&#8221;header_5_text_shadow_style,%91object Object%93&#8243; header_5_text_shadow_horizontal_length_tablet=&#8221;0px&#8221; header_5_text_shadow_vertical_length=&#8221;header_5_text_shadow_style,%91object Object%93&#8243; header_5_text_shadow_vertical_length_tablet=&#8221;0px&#8221; header_5_text_shadow_blur_strength=&#8221;header_5_text_shadow_style,%91object Object%93&#8243; header_5_text_shadow_blur_strength_tablet=&#8221;1px&#8221; header_6_text_shadow_horizontal_length=&#8221;header_6_text_shadow_style,%91object Object%93&#8243; header_6_text_shadow_horizontal_length_tablet=&#8221;0px&#8221; header_6_text_shadow_vertical_length=&#8221;header_6_text_shadow_style,%91object Object%93&#8243; header_6_text_shadow_vertical_length_tablet=&#8221;0px&#8221; header_6_text_shadow_blur_strength=&#8221;header_6_text_shadow_style,%91object Object%93&#8243; header_6_text_shadow_blur_strength_tablet=&#8221;1px&#8221; box_shadow_horizontal_tablet=&#8221;0px&#8221; box_shadow_vertical_tablet=&#8221;0px&#8221; box_shadow_blur_tablet=&#8221;40px&#8221; box_shadow_spread_tablet=&#8221;0px&#8221; z_index_tablet=&#8221;500&#8243; text_orientation=&#8221;left&#8221;]<\/p>\n<p>Tilf\u00f8jelser, \u00e6ndringer og rettelser til listen <br \/>sendes til\u00a0Webmaster <a href=\"mailto:kehlet.akj@gmail.com\" target=\"_blank\" rel=\"noopener noreferrer\">Anette Kehlet Jensen<\/a><\/p>\n<h5>Resultater for 5 km klubmesterskab \u00e5r:<\/h5>\n<p>&nbsp;<\/p>\n<table border=\"0\" width=\"100%\" cellspacing=\"0\" cellpadding=\"3\">\n<tbody>\n<tr>\n<td>\n<\/td>\n<td>\u00a0<strong><a href=\"https:\/\/hgfhammel.dk\/loeb\/wp-content\/uploads\/sites\/11\/2019\/06\/A\u030aR-2019-resultater.pdf\">2019<\/a><\/strong><\/td>\n<\/tr>\n<tr>\n<td class=\"dlBankRowAlt\">\u00a0<\/td>\n<td class=\"dlBankRowAlt\"><img decoding=\"async\" loading=\"lazy\" src=\"http:\/\/hgf.itide.dk\/files\/grafik\/dot.gif\" alt=\"\" width=\"7\" height=\"7\" border=\"0\" \/>\u00a0<a href=\"http:\/\/hgfhammel.dk\/loeb\/wp-content\/uploads\/sites\/11\/2018\/11\/A\u030aR-2018-klub-5-km.pdf\" target=\"_blank\" rel=\"noopener noreferrer\"><strong>2018<\/strong><\/a><\/td>\n<\/tr>\n<tr>\n<td class=\"dlBankRow\" width=\"26\">\u00a0<\/td>\n<td class=\"dlBankRow\" width=\"502\"><img decoding=\"async\" loading=\"lazy\" src=\"http:\/\/hgf.itide.dk\/files\/grafik\/dot.gif\" alt=\"\" width=\"7\" height=\"7\" border=\"0\" \/>\u00a0<a href=\"http:\/\/hgfhammel.dk\/loeb\/wp-content\/uploads\/sites\/11\/2018\/11\/A\u030aR-2017-klub-5-km.pdf\" target=\"_blank\" rel=\"noopener noreferrer\"><strong>2017<\/strong><\/a><\/td>\n<\/tr>\n<tr>\n<td class=\"dlBankRowAlt\" width=\"26\">\u00a0<\/td>\n<td class=\"dlBankRowAlt\" width=\"502\"><img decoding=\"async\" loading=\"lazy\" src=\"http:\/\/hgf.itide.dk\/files\/grafik\/dot.gif\" alt=\"\" width=\"7\" height=\"7\" border=\"0\" \/>\u00a0<a href=\"http:\/\/hgfhammel.dk\/loeb\/wp-content\/uploads\/sites\/11\/2018\/11\/A\u030aR-2016-klub-5-km.pdf\" target=\"_blank\" rel=\"noopener noreferrer\"><strong>2016<\/strong><\/a><\/td>\n<\/tr>\n<tr>\n<td class=\"dlBankRow\" width=\"26\">\u00a0<\/td>\n<td class=\"dlBankRow\" width=\"502\"><img decoding=\"async\" loading=\"lazy\" src=\"http:\/\/hgf.itide.dk\/files\/grafik\/dot.gif\" alt=\"\" width=\"7\" height=\"7\" border=\"0\" \/>\u00a0<a href=\"http:\/\/hgfhammel.dk\/loeb\/wp-content\/uploads\/sites\/11\/2018\/11\/A\u030aR-2015-klub-5-km.pdf\" target=\"_blank\" rel=\"noopener noreferrer\"><strong>2015<\/strong><\/a><\/td>\n<\/tr>\n<tr>\n<td class=\"dlBankRowAlt\" width=\"26\">\u00a0<\/td>\n<td class=\"dlBankRowAlt\" width=\"502\"><img decoding=\"async\" loading=\"lazy\" src=\"http:\/\/hgf.itide.dk\/files\/grafik\/dot.gif\" alt=\"\" width=\"7\" height=\"7\" border=\"0\" \/>\u00a0<a href=\"http:\/\/hgfhammel.dk\/loeb\/wp-content\/uploads\/sites\/11\/2018\/11\/A\u030aR-2014-klub-5-km.pdf\" target=\"_blank\" rel=\"noopener noreferrer\"><strong>2014<\/strong><\/a><\/td>\n<\/tr>\n<\/tbody>\n<\/table>\n<p>[\/et_pb_text][\/et_pb_column][et_pb_column type=&#8221;1_2&#8243; custom_padding__hover=&#8221;|||&#8221; custom_padding=&#8221;|||&#8221;][et_pb_text _builder_version=&#8221;3.23.3&#8243; width=&#8221;80%&#8221; max_width=&#8221;1080px&#8221; text_orientation=&#8221;left&#8221;]<\/p>\n<p>&nbsp;<\/p>\n<p>&nbsp;<\/p>\n<p>&nbsp;<\/p>\n<table border=\"0\" cellspacing=\"0\" cellpadding=\"3\" width=\"100%\" bordercolor=\"#111111\">\n<tbody>\n<tr>\n<td class=\"dlBankRow\" width=\"26\"><\/td>\n<td class=\"dlBankRow\" width=\"502\"><span style=\"text-decoration: underline;\"><img decoding=\"async\" loading=\"lazy\" src=\"http:\/\/hgf.itide.dk\/files\/grafik\/dot.gif\" border=\"0\" alt=\"\" width=\"7\" height=\"7\" \/><\/span>\u00a0<a href=\"http:\/\/hgfhammel.dk\/loeb\/wp-content\/uploads\/sites\/11\/2018\/11\/A\u030aR-2013-klub-5-km.pdf\" target=\"_blank\" rel=\"noopener noreferrer\"><strong>2013<\/strong><\/a><\/td>\n<\/tr>\n<tr>\n<td class=\"dlBankRowAlt\" width=\"26\"><\/td>\n<td class=\"dlBankRowAlt\" width=\"502\"><img decoding=\"async\" loading=\"lazy\" src=\"http:\/\/hgf.itide.dk\/files\/grafik\/dot.gif\" border=\"0\" alt=\"\" width=\"7\" height=\"7\" \/><span>\u00a0<\/span><a href=\"http:\/\/hgfhammel.dk\/loeb\/wp-content\/uploads\/sites\/11\/2018\/11\/A\u030aR-2012-klub-5-km.pdf\" target=\"_blank\" rel=\"noopener noreferrer\"><strong><span>2012<\/span><\/strong><\/a><\/td>\n<\/tr>\n<tr>\n<td class=\"dlBankRow\" width=\"26\"><\/td>\n<td class=\"dlBankRow\" width=\"502\"><img decoding=\"async\" loading=\"lazy\" src=\"http:\/\/hgf.itide.dk\/files\/grafik\/dot.gif\" border=\"0\" alt=\"\" width=\"7\" height=\"7\" \/><span>\u00a0<\/span><a href=\"http:\/\/hgfhammel.dk\/loeb\/wp-content\/uploads\/sites\/11\/2018\/11\/A\u030aR-2011-klub-5-km.pdf\" target=\"_blank\" rel=\"noopener noreferrer\"><strong><span>2011<\/span><\/strong><\/a><\/td>\n<\/tr>\n<tr>\n<td class=\"dlBankRowAlt\" width=\"26\"><\/td>\n<td class=\"dlBankRowAlt\" width=\"502\"><img decoding=\"async\" loading=\"lazy\" src=\"http:\/\/hgf.itide.dk\/files\/grafik\/dot.gif\" border=\"0\" alt=\"\" width=\"7\" height=\"7\" \/><span>\u00a0<\/span><a href=\"http:\/\/hgfhammel.dk\/loeb\/wp-content\/uploads\/sites\/11\/2018\/11\/A\u030aR-2010-klub-5-km.pdf\" target=\"_blank\" rel=\"noopener noreferrer\"><strong><span>2010<\/span><\/strong><\/a><\/td>\n<\/tr>\n<tr>\n<td class=\"dlBankRow\" width=\"26\"><\/td>\n<td class=\"dlBankRow\" width=\"502\"><img decoding=\"async\" loading=\"lazy\" src=\"http:\/\/hgf.itide.dk\/files\/grafik\/dot.gif\" border=\"0\" alt=\"\" width=\"7\" height=\"7\" \/><span>\u00a0<\/span><a href=\"http:\/\/hgfhammel.dk\/loeb\/wp-content\/uploads\/sites\/11\/2018\/11\/A\u030aR-2009-klub-5-km.pdf\" target=\"_blank\" rel=\"noopener noreferrer\"><strong><span>2009<\/span><\/strong><\/a><\/td>\n<\/tr>\n<tr>\n<td class=\"dlBankRowAlt\" width=\"26\"><\/td>\n<td class=\"dlBankRowAlt\" width=\"502\"><img decoding=\"async\" loading=\"lazy\" src=\"http:\/\/hgf.itide.dk\/files\/grafik\/dot.gif\" border=\"0\" alt=\"\" width=\"7\" height=\"7\" \/><span>\u00a0<\/span><a href=\"http:\/\/hgfhammel.dk\/loeb\/wp-content\/uploads\/sites\/11\/2018\/11\/A\u030aR-2008-klub-5-km.pdf\" target=\"_blank\" rel=\"noopener noreferrer\"><strong><span>2008<\/span><\/strong><\/a><\/td>\n<\/tr>\n<tr>\n<td class=\"dlBankRow\" width=\"26\"><\/td>\n<td class=\"dlBankRow\" width=\"502\"><img decoding=\"async\" loading=\"lazy\" src=\"http:\/\/hgf.itide.dk\/files\/grafik\/dot.gif\" border=\"0\" alt=\"\" width=\"7\" height=\"7\" \/>\u00a0<a href=\"http:\/\/hgfhammel.dk\/loeb\/wp-content\/uploads\/sites\/11\/2018\/11\/A\u030aR-2007-klub-5-km.pdf\" target=\"_blank\" rel=\"noopener noreferrer\"><strong><span>2007<\/span><\/strong><\/a><\/td>\n<\/tr>\n<tr>\n<td class=\"dlBankRowAlt\" width=\"26\"><\/td>\n<td class=\"dlBankRowAlt\" width=\"502\"><img decoding=\"async\" loading=\"lazy\" src=\"http:\/\/hgf.itide.dk\/files\/grafik\/dot.gif\" border=\"0\" alt=\"\" width=\"7\" height=\"7\" \/>\u00a0<a href=\"http:\/\/hgfhammel.dk\/loeb\/wp-content\/uploads\/sites\/11\/2018\/11\/A\u030aR-2006-klub-5-km.pdf\" target=\"_blank\" rel=\"noopener noreferrer\"><strong><span>2006<\/span><\/strong><\/a><\/td>\n<\/tr>\n<tr>\n<td class=\"dlBankRow\" width=\"26\"><\/td>\n<td class=\"dlBankRow\" width=\"502\"><img decoding=\"async\" loading=\"lazy\" src=\"http:\/\/hgf.itide.dk\/files\/grafik\/dot.gif\" border=\"0\" alt=\"\" width=\"7\" height=\"7\" \/>\u00a0<a href=\"http:\/\/hgfhammel.dk\/loeb\/wp-content\/uploads\/sites\/11\/2018\/11\/A\u030aR-2005-klub-5-km.pdf\" target=\"_blank\" rel=\"noopener noreferrer\"><strong><span>2005<\/span><\/strong><\/a><\/td>\n<\/tr>\n<tr>\n<td class=\"dlBankRowAlt\" width=\"26\"><\/td>\n<td class=\"dlBankRowAlt\" width=\"502\"><img decoding=\"async\" loading=\"lazy\" src=\"http:\/\/hgf.itide.dk\/files\/grafik\/dot.gif\" border=\"0\" alt=\"\" width=\"7\" height=\"7\" \/>\u00a0<a href=\"http:\/\/hgfhammel.dk\/loeb\/wp-content\/uploads\/sites\/11\/2018\/11\/A\u030aR-2004-klub-5-km.pdf\" target=\"_blank\" rel=\"noopener noreferrer\"><strong><span>2004<\/span><\/strong><\/a><\/td>\n<\/tr>\n<tr>\n<td class=\"dlBankRow\" width=\"26\"><\/td>\n<td class=\"dlBankRow\" width=\"502\"><img decoding=\"async\" loading=\"lazy\" src=\"http:\/\/hgf.itide.dk\/files\/grafik\/dot.gif\" border=\"0\" alt=\"\" width=\"7\" height=\"7\" \/>\u00a0<a href=\"http:\/\/hgfhammel.dk\/loeb\/wp-content\/uploads\/sites\/11\/2018\/11\/A\u030aR-2003-klub-5-km.pdf\" target=\"_blank\" rel=\"noopener noreferrer\"><strong><span>2003<\/span><\/strong><\/a><\/td>\n<\/tr>\n<tr>\n<td class=\"dlBankRowAlt\" width=\"26\"><\/td>\n<td class=\"dlBankRowAlt\" width=\"502\"><img decoding=\"async\" loading=\"lazy\" src=\"http:\/\/hgf.itide.dk\/files\/grafik\/dot.gif\" border=\"0\" alt=\"\" width=\"7\" height=\"7\" \/>\u00a0<a href=\"http:\/\/hgfhammel.dk\/loeb\/wp-content\/uploads\/sites\/11\/2018\/11\/A\u030aR-2002-klub-5-km.pdf\" target=\"_blank\" rel=\"noopener noreferrer\"><strong><span>2002<\/span><\/strong><\/a><\/td>\n<\/tr>\n<tr>\n<td class=\"dlBankRow\" width=\"26\"><\/td>\n<td class=\"dlBankRow\" width=\"502\"><img decoding=\"async\" loading=\"lazy\" src=\"http:\/\/hgf.itide.dk\/files\/grafik\/dot.gif\" border=\"0\" alt=\"\" width=\"7\" height=\"7\" \/>\u00a0<a href=\"http:\/\/hgfhammel.dk\/loeb\/wp-content\/uploads\/sites\/11\/2018\/11\/A\u030aR-2001-klub-5-km.pdf\" target=\"_blank\" rel=\"noopener noreferrer\"><strong><span>2001<\/span><\/strong><\/a><\/td>\n<\/tr>\n<tr>\n<td class=\"dlBankRowAlt\" width=\"26\"><\/td>\n<td class=\"dlBankRowAlt\" width=\"502\"><img decoding=\"async\" loading=\"lazy\" src=\"http:\/\/hgf.itide.dk\/files\/grafik\/dot.gif\" border=\"0\" alt=\"\" width=\"7\" height=\"7\" \/>\u00a0<a href=\"http:\/\/hgfhammel.dk\/loeb\/wp-content\/uploads\/sites\/11\/2018\/11\/A\u030aR-2000-5-km-klub.pdf\" target=\"_blank\" rel=\"noopener noreferrer\"><strong><span>2000<\/span><\/strong><\/a><\/td>\n<\/tr>\n<tr>\n<td class=\"dlBankRow\" width=\"26\"><\/td>\n<td class=\"dlBankRow\" width=\"502\"><img decoding=\"async\" loading=\"lazy\" src=\"http:\/\/hgf.itide.dk\/files\/grafik\/dot.gif\" border=\"0\" alt=\"\" width=\"7\" height=\"7\" \/>\u00a0<a href=\"http:\/\/hgfhammel.dk\/loeb\/wp-content\/uploads\/sites\/11\/2018\/11\/A\u030aR-1999-klub-5-km.pdf\" target=\"_blank\" rel=\"noopener noreferrer\"><strong><span>19<\/span><span>99<\/span><\/strong><\/a><\/td>\n<\/tr>\n<\/tbody>\n<\/table>\n<p>[\/et_pb_text][\/et_pb_column][\/et_pb_row][\/et_pb_section][et_pb_section bb_built=&#8221;1&#8243; fullwidth=&#8221;on&#8221; _builder_version=&#8221;3.17.5&#8243; inner_width=&#8221;auto&#8221; inner_max_width=&#8221;none&#8221; prev_background_color=&#8221;#000000&#8243; next_background_color=&#8221;#000000&#8243;][et_pb_fullwidth_image src=&#8221;http:\/\/hgfhammel.dk\/loeb\/wp-content\/uploads\/sites\/11\/2018\/10\/5_km_kkubmesterskab15.jpg&#8221; _builder_version=&#8221;3.17.5&#8243;]<\/p>\n<p>[\/et_pb_fullwidth_image][\/et_pb_section][et_pb_section bb_built=&#8221;1&#8243; _builder_version=&#8221;3.0.47&#8243; inner_width=&#8221;auto&#8221; inner_max_width=&#8221;none&#8221; prev_background_color=&#8221;#000000&#8243; next_background_color=&#8221;#000000&#8243;][et_pb_row make_equal=&#8221;on&#8221; module_class=&#8221;sponsorlogo_row&#8221; _builder_version=&#8221;3.11&#8243; width=&#8221;80%&#8221; max_width=&#8221;1080px&#8221;][et_pb_column type=&#8221;1_4&#8243; custom_padding__hover=&#8221;|||&#8221; custom_padding=&#8221;|||&#8221;][et_pb_image admin_label=&#8221;Sponsor logo&#8221; src=&#8221;http:\/\/hgfhammel.dk\/wp-content\/uploads\/2018\/08\/sponsor_kronjylland.png&#8221; url=&#8221;https:\/\/google.dk&#8221; url_new_window=&#8221;on&#8221; module_class=&#8221;sponsorlogo&#8221; _builder_version=&#8221;3.11&#8243; saved_tabs=&#8221;all&#8221; align_last_edited=&#8221;on|desktop&#8221; align_tablet=&#8221;center&#8221;]<\/p>\n<p>[\/et_pb_image][\/et_pb_column][et_pb_column type=&#8221;1_4&#8243; custom_padding__hover=&#8221;|||&#8221; custom_padding=&#8221;|||&#8221;][et_pb_image admin_label=&#8221;Sponsor logo&#8221; src=&#8221;http:\/\/hgfhammel.dk\/wp-content\/uploads\/2018\/08\/sponsor_jordgaard.png&#8221; url=&#8221;https:\/\/google.dk&#8221; url_new_window=&#8221;on&#8221; module_class=&#8221;sponsorlogo&#8221; _builder_version=&#8221;3.11&#8243; saved_tabs=&#8221;all&#8221; align_last_edited=&#8221;on|desktop&#8221; align_tablet=&#8221;center&#8221;]<\/p>\n<p>[\/et_pb_image][\/et_pb_column][et_pb_column type=&#8221;1_4&#8243; custom_padding__hover=&#8221;|||&#8221; custom_padding=&#8221;|||&#8221;][et_pb_image admin_label=&#8221;Sponsor logo&#8221; src=&#8221;http:\/\/hgfhammel.dk\/wp-content\/uploads\/2018\/08\/sponsor-olehagen.png&#8221; url=&#8221;https:\/\/google.dk&#8221; url_new_window=&#8221;on&#8221; module_class=&#8221;sponsorlogo&#8221; _builder_version=&#8221;3.11&#8243; saved_tabs=&#8221;all&#8221; align_last_edited=&#8221;on|desktop&#8221; align_tablet=&#8221;center&#8221;]<\/p>\n<p>[\/et_pb_image][\/et_pb_column][et_pb_column type=&#8221;1_4&#8243; custom_padding__hover=&#8221;|||&#8221; custom_padding=&#8221;|||&#8221;][et_pb_image admin_label=&#8221;Sponsor logo&#8221; src=&#8221;http:\/\/hgfhammel.dk\/wp-content\/uploads\/2018\/08\/sponsor_oeko.png&#8221; url=&#8221;https:\/\/google.dk&#8221; url_new_window=&#8221;on&#8221; align=&#8221;center&#8221; module_class=&#8221;sponsorlogo&#8221; _builder_version=&#8221;3.11&#8243; saved_tabs=&#8221;all&#8221; align_last_edited=&#8221;on|desktop&#8221; align_tablet=&#8221;center&#8221;]<\/p>\n<p>[\/et_pb_image][\/et_pb_column][\/et_pb_row][\/et_pb_section][et_pb_section bb_built=&#8221;1&#8243; fullwidth=&#8221;on&#8221; _builder_version=&#8221;3.0.47&#8243; inner_width=&#8221;auto&#8221; inner_max_width=&#8221;none&#8221; prev_background_color=&#8221;#000000&#8243;][et_pb_fullwidth_code admin_label=&#8221;Googlemaps&#8221; _builder_version=&#8221;4.5.1&#8243; box_shadow_horizontal_tablet=&#8221;0px&#8221; box_shadow_vertical_tablet=&#8221;0px&#8221; box_shadow_blur_tablet=&#8221;40px&#8221; box_shadow_spread_tablet=&#8221;0px&#8221; vertical_offset_tablet=&#8221;0&#8243; horizontal_offset_tablet=&#8221;0&#8243;]<iframe loading=\"lazy\" src=\"https:\/\/www.google.com\/maps\/embed?pb=!1m18!1m12!1m3!1d2216.042716855098!2d9.86596631606411!3d56.26004396022292!2m3!1f0!2f0!3f0!3m2!1i1024!2i768!4f13.1!3m3!1m2!1s0x464c0e8189cf8285%3A0x5be75ea14821ae4b!2sHammel%20Idr%C3%A6tscenter!5e0!3m2!1sda!2sdk!4v1597172401595!5m2!1sda!2sdk\" width=\"1600\" height=\"450\" frameborder=\"0\" style=\"border:0;\" allowfullscreen=\"\" aria-hidden=\"false\" tabindex=\"0\"><\/iframe>[\/et_pb_fullwidth_code][\/et_pb_section]<\/p>\n","protected":false},"excerpt":{"rendered":"<p>Tilf\u00f8jelser, \u00e6ndringer og rettelser til listen sendes til\u00a0Webmaster Anette Kehlet Jensen Resultater for 5 km klubmesterskab \u00e5r: &nbsp; \u00a02019 \u00a0 \u00a02018 \u00a0 \u00a02017 \u00a0 \u00a02016 \u00a0 \u00a02015 \u00a0 \u00a02014 &nbsp; &nbsp; &nbsp; \u00a02013 \u00a02012 \u00a02011 \u00a02010 \u00a02009 \u00a02008 \u00a02007 \u00a02006 \u00a02005 \u00a02004 \u00a02003 \u00a02002 \u00a02001 \u00a02000 \u00a01999<\/p>\n","protected":false},"author":18,"featured_media":0,"parent":0,"menu_order":0,"comment_status":"closed","ping_status":"closed","template":"","meta":{"_et_pb_use_builder":"on","_et_pb_old_content":"","_et_gb_content_width":""},"yoast_head":"<!-- This site is optimized with the Yoast SEO plugin v20.9 - https:\/\/yoast.com\/wordpress\/plugins\/seo\/ -->\n<title>Klubmesterskab 5 km - L\u00f8b &amp; Motion<\/title>\n<meta name=\"robots\" content=\"index, follow, max-snippet:-1, max-image-preview:large, max-video-preview:-1\" \/>\n<link rel=\"canonical\" href=\"https:\/\/hgfhammel.dk\/loeb\/klubmesterskab-5-km\/\" \/>\n<meta property=\"og:locale\" content=\"da_DK\" \/>\n<meta property=\"og:type\" content=\"article\" \/>\n<meta property=\"og:title\" content=\"Klubmesterskab 5 km - L\u00f8b &amp; Motion\" \/>\n<meta property=\"og:description\" content=\"Tilf\u00f8jelser, \u00e6ndringer og rettelser til listen sendes til\u00a0Webmaster Anette Kehlet Jensen Resultater for 5 km klubmesterskab \u00e5r: &nbsp; \u00a02019 \u00a0 \u00a02018 \u00a0 \u00a02017 \u00a0 \u00a02016 \u00a0 \u00a02015 \u00a0 \u00a02014 &nbsp; &nbsp; &nbsp; \u00a02013 \u00a02012 \u00a02011 \u00a02010 \u00a02009 \u00a02008 \u00a02007 \u00a02006 \u00a02005 \u00a02004 \u00a02003 \u00a02002 \u00a02001 \u00a02000 \u00a01999\" \/>\n<meta property=\"og:url\" content=\"https:\/\/hgfhammel.dk\/loeb\/klubmesterskab-5-km\/\" \/>\n<meta property=\"og:site_name\" content=\"L\u00f8b &amp; Motion\" \/>\n<meta property=\"article:modified_time\" content=\"2020-08-11T19:02:23+00:00\" \/>\n<meta property=\"og:image\" content=\"http:\/\/hgf.itide.dk\/files\/grafik\/dot.gif\" \/>\n<meta name=\"twitter:card\" content=\"summary_large_image\" \/>\n<meta name=\"twitter:label1\" content=\"Estimeret l\u00e6setid\" \/>\n\t<meta name=\"twitter:data1\" content=\"6 minutter\" \/>\n<!-- \/ Yoast SEO plugin. -->","yoast_head_json":{"title":"Klubmesterskab 5 km - L\u00f8b &amp; Motion","robots":{"index":"index","follow":"follow","max-snippet":"max-snippet:-1","max-image-preview":"max-image-preview:large","max-video-preview":"max-video-preview:-1"},"canonical":"https:\/\/hgfhammel.dk\/loeb\/klubmesterskab-5-km\/","og_locale":"da_DK","og_type":"article","og_title":"Klubmesterskab 5 km - L\u00f8b &amp; Motion","og_description":"Tilf\u00f8jelser, \u00e6ndringer og rettelser til listen sendes til\u00a0Webmaster Anette Kehlet Jensen Resultater for 5 km klubmesterskab \u00e5r: &nbsp; \u00a02019 \u00a0 \u00a02018 \u00a0 \u00a02017 \u00a0 \u00a02016 \u00a0 \u00a02015 \u00a0 \u00a02014 &nbsp; &nbsp; &nbsp; \u00a02013 \u00a02012 \u00a02011 \u00a02010 \u00a02009 \u00a02008 \u00a02007 \u00a02006 \u00a02005 \u00a02004 \u00a02003 \u00a02002 \u00a02001 \u00a02000 \u00a01999","og_url":"https:\/\/hgfhammel.dk\/loeb\/klubmesterskab-5-km\/","og_site_name":"L\u00f8b &amp; Motion","article_modified_time":"2020-08-11T19:02:23+00:00","og_image":[{"url":"http:\/\/hgf.itide.dk\/files\/grafik\/dot.gif"}],"twitter_card":"summary_large_image","twitter_misc":{"Estimeret l\u00e6setid":"6 minutter"},"schema":{"@context":"https:\/\/schema.org","@graph":[{"@type":"WebPage","@id":"https:\/\/hgfhammel.dk\/loeb\/klubmesterskab-5-km\/","url":"https:\/\/hgfhammel.dk\/loeb\/klubmesterskab-5-km\/","name":"Klubmesterskab 5 km - L\u00f8b &amp; Motion","isPartOf":{"@id":"https:\/\/hgfhammel.dk\/loeb\/#website"},"datePublished":"2018-10-06T09:39:54+00:00","dateModified":"2020-08-11T19:02:23+00:00","breadcrumb":{"@id":"https:\/\/hgfhammel.dk\/loeb\/klubmesterskab-5-km\/#breadcrumb"},"inLanguage":"da-DK","potentialAction":[{"@type":"ReadAction","target":["https:\/\/hgfhammel.dk\/loeb\/klubmesterskab-5-km\/"]}]},{"@type":"BreadcrumbList","@id":"https:\/\/hgfhammel.dk\/loeb\/klubmesterskab-5-km\/#breadcrumb","itemListElement":[{"@type":"ListItem","position":1,"name":"Hjem","item":"https:\/\/hgfhammel.dk\/loeb\/"},{"@type":"ListItem","position":2,"name":"Klubmesterskab 5 km"}]},{"@type":"WebSite","@id":"https:\/\/hgfhammel.dk\/loeb\/#website","url":"https:\/\/hgfhammel.dk\/loeb\/","name":"L\u00f8b &amp; Motion","description":"L\u00f8b &amp; Motion","potentialAction":[{"@type":"SearchAction","target":{"@type":"EntryPoint","urlTemplate":"https:\/\/hgfhammel.dk\/loeb\/?s={search_term_string}"},"query-input":"required name=search_term_string"}],"inLanguage":"da-DK"}]}},"_links":{"self":[{"href":"https:\/\/hgfhammel.dk\/loeb\/wp-json\/wp\/v2\/pages\/603"}],"collection":[{"href":"https:\/\/hgfhammel.dk\/loeb\/wp-json\/wp\/v2\/pages"}],"about":[{"href":"https:\/\/hgfhammel.dk\/loeb\/wp-json\/wp\/v2\/types\/page"}],"author":[{"embeddable":true,"href":"https:\/\/hgfhammel.dk\/loeb\/wp-json\/wp\/v2\/users\/18"}],"replies":[{"embeddable":true,"href":"https:\/\/hgfhammel.dk\/loeb\/wp-json\/wp\/v2\/comments?post=603"}],"version-history":[{"count":0,"href":"https:\/\/hgfhammel.dk\/loeb\/wp-json\/wp\/v2\/pages\/603\/revisions"}],"wp:attachment":[{"href":"https:\/\/hgfhammel.dk\/loeb\/wp-json\/wp\/v2\/media?parent=603"}],"curies":[{"name":"wp","href":"https:\/\/api.w.org\/{rel}","templated":true}]}}