{"id":1358,"date":"2021-03-18T14:14:15","date_gmt":"2021-03-18T13:14:15","guid":{"rendered":"https:\/\/hgfhammel.dk\/svoemning\/?page_id=1358"},"modified":"2025-12-18T09:53:31","modified_gmt":"2025-12-18T08:53:31","slug":"hgf-dolphins-hold","status":"publish","type":"page","link":"https:\/\/hgfhammel.dk\/svoemning\/hgf-dolphins-hold\/","title":{"rendered":"HGF Dolphins &#8211; Info"},"content":{"rendered":"<p>[et_pb_section fb_built=&#8221;1&#8243; _builder_version=&#8221;4.16&#8243; _module_preset=&#8221;default&#8221; global_colors_info=&#8221;{}&#8221;][et_pb_row column_structure=&#8221;1_5,1_5,1_5,1_5,1_5&#8243; _builder_version=&#8221;4.16&#8243; _module_preset=&#8221;default&#8221; global_colors_info=&#8221;{}&#8221;][et_pb_column type=&#8221;1_5&#8243; _builder_version=&#8221;4.16&#8243; _module_preset=&#8221;default&#8221; global_colors_info=&#8221;{}&#8221;][et_pb_text admin_label=&#8221;Pr\u00e6talent&#8221; _builder_version=&#8221;4.21.0&#8243; _module_preset=&#8221;default&#8221; hover_enabled=&#8221;0&#8243; global_colors_info=&#8221;{}&#8221; sticky_enabled=&#8221;0&#8243;]<\/p>\n<h4><strong>Pr\u00e6talent &#8211; holdet<\/strong><\/h4>\n<p><strong>Tr\u00e6nere:<\/strong><br \/>Vivi Apel, Katrine Klein Christensen, Ida M\u00f8rup og Matilde Egeris<\/p>\n<p><strong>Tr\u00e6ningstider:<\/strong><\/p>\n<ul>\n<li>Onsdage 16:30-17:30 (Vandtr\u00e6ning)<\/li>\n<li>Onsdage 17:30-18:30 (Landtr\u00e6ning)<\/li>\n<li>Fredage 17:00-18:00<\/li>\n<\/ul>\n<p>&nbsp;<\/p>\n<p>[\/et_pb_text][\/et_pb_column][et_pb_column type=&#8221;1_5&#8243; _builder_version=&#8221;4.16&#8243; _module_preset=&#8221;default&#8221; global_colors_info=&#8221;{}&#8221;][et_pb_text admin_label=&#8221;Talent&#8221; _builder_version=&#8221;4.21.0&#8243; _module_preset=&#8221;default&#8221; hover_enabled=&#8221;0&#8243; global_colors_info=&#8221;{}&#8221; sticky_enabled=&#8221;0&#8243;]<\/p>\n<h4><strong>Talent &#8211; holdet<\/strong><\/h4>\n<p><strong>Tr\u00e6nere:<\/strong> Lise Lund S\u00f8rensen, Mikkel Fisker, Jacob Bach-Valeur og Nanna Hulgaard<\/p>\n<p><strong>Tr\u00e6ningstider:<\/strong><\/p>\n<ul>\n<li>Tirsdage 18:30-19:30<\/li>\n<li>Onsdage 16:30-17:30 (landtr\u00e6ning)<\/li>\n<li>Onsdage 17:30-18:30<\/li>\n<li>Fredage 16:00-18:00<\/li>\n<\/ul>\n<p>[\/et_pb_text][\/et_pb_column][et_pb_column type=&#8221;1_5&#8243; _builder_version=&#8221;4.16&#8243; _module_preset=&#8221;default&#8221; global_colors_info=&#8221;{}&#8221;][et_pb_text admin_label=&#8221;Konkurrence&#8221; _builder_version=&#8221;4.21.0&#8243; _module_preset=&#8221;default&#8221; hover_enabled=&#8221;0&#8243; global_colors_info=&#8221;{}&#8221; sticky_enabled=&#8221;0&#8243;]<\/p>\n<h4><strong>Konkurrence &#8211; holdet<\/strong><\/h4>\n<p><strong>Tr\u00e6nere:<\/strong> Rikke Ydemann Pedersen, Lucas S\u00f8rensen, Emilie Graversen, Oscar Dose<\/p>\n<p><strong>Tr\u00e6ningstider:<\/strong><\/p>\n<ul>\n<li>Tirsdage 18:30-20:30<\/li>\n<li>Onsdage 16:30-18:30<\/li>\n<li>Fredage 16:00-17:00\u00a0<\/li>\n<li>Fredage 17:00-18:00 (Landtr\u00e6ning)<\/li>\n<li>L\u00f8rdage 8:30-10:00<\/li>\n<\/ul>\n<p>[\/et_pb_text][\/et_pb_column][et_pb_column type=&#8221;1_5&#8243; _builder_version=&#8221;4.16&#8243; _module_preset=&#8221;default&#8221; global_colors_info=&#8221;{}&#8221;][et_pb_text admin_label=&#8221;Supermaster&#8221; _builder_version=&#8221;4.21.0&#8243; _module_preset=&#8221;default&#8221; global_colors_info=&#8221;{}&#8221;]<\/p>\n<h4><strong>Super Masters\u00a0<\/strong><\/h4>\n<p><strong>Tr\u00e6ner: <\/strong>Trine Ydemann Pedersen og Pernille Karulf\u00a0<\/p>\n<p><strong>Tr\u00e6ningstider:<\/strong><\/p>\n<ul>\n<li>Tirsdage 18:30-20:30<\/li>\n<li>L\u00f8rdage 8:30-10:00<\/li>\n<\/ul>\n<p>[\/et_pb_text][\/et_pb_column][et_pb_column type=&#8221;1_5&#8243; _builder_version=&#8221;4.16&#8243; _module_preset=&#8221;default&#8221; global_colors_info=&#8221;{}&#8221;][et_pb_text admin_label=&#8221;efterskole&#8221; _builder_version=&#8221;4.21.0&#8243; _module_preset=&#8221;default&#8221; global_colors_info=&#8221;{}&#8221;]<\/p>\n<h4><strong>Efterskole &#8211; holdet<\/strong><\/h4>\n<p><strong>Tr\u00e6ner: <\/strong>Trine Ydemann Pedersen og Pernille Karulf\u00a0<\/p>\n<p><strong>Tr\u00e6ningstider:\u00a0<\/strong><\/p>\n<ul>\n<li>L\u00f8rdage 8:30-10<\/li>\n<li>(Efter aftale; Fredage 16:00-18:00)<\/li>\n<\/ul>\n<p>[\/et_pb_text][\/et_pb_column][\/et_pb_row][et_pb_row column_structure=&#8221;1_3,1_3,1_3&#8243; _builder_version=&#8221;4.16&#8243; _module_preset=&#8221;default&#8221; global_colors_info=&#8221;{}&#8221;][et_pb_column type=&#8221;1_3&#8243; _builder_version=&#8221;4.16&#8243; _module_preset=&#8221;default&#8221; global_colors_info=&#8221;{}&#8221;][et_pb_image src=&#8221;https:\/\/hgfhammel.dk\/svoemning\/wp-content\/uploads\/sites\/18\/2021\/03\/svoem-300&#215;200.jpg&#8221; title_text=&#8221;sv\u00f8m&#8221; _builder_version=&#8221;4.16&#8243; _module_preset=&#8221;default&#8221; global_colors_info=&#8221;{}&#8221;][\/et_pb_image][\/et_pb_column][et_pb_column type=&#8221;1_3&#8243; _builder_version=&#8221;4.16&#8243; _module_preset=&#8221;default&#8221; global_colors_info=&#8221;{}&#8221;][et_pb_image src=&#8221;https:\/\/hgfhammel.dk\/svoemning\/wp-content\/uploads\/sites\/18\/2018\/12\/IMG_0053-300&#215;225.jpeg&#8221; title_text=&#8221;IMG_0053&#8243; _builder_version=&#8221;4.16&#8243; _module_preset=&#8221;default&#8221; global_colors_info=&#8221;{}&#8221;][\/et_pb_image][\/et_pb_column][et_pb_column type=&#8221;1_3&#8243; _builder_version=&#8221;4.16&#8243; _module_preset=&#8221;default&#8221; global_colors_info=&#8221;{}&#8221;][et_pb_image src=&#8221;https:\/\/hgfhammel.dk\/svoemning\/wp-content\/uploads\/sites\/18\/2021\/03\/svoem2-300&#215;200.jpg&#8221; title_text=&#8221;sv\u00f8m2&#8243; _builder_version=&#8221;4.16&#8243; _module_preset=&#8221;default&#8221; global_colors_info=&#8221;{}&#8221;][\/et_pb_image][\/et_pb_column][\/et_pb_row][et_pb_row column_structure=&#8221;1_3,1_3,1_3&#8243; _builder_version=&#8221;4.16&#8243; _module_preset=&#8221;default&#8221; global_colors_info=&#8221;{}&#8221;][et_pb_column type=&#8221;1_3&#8243; _builder_version=&#8221;4.16&#8243; _module_preset=&#8221;default&#8221; global_colors_info=&#8221;{}&#8221;][et_pb_text admin_label=&#8221;udstyr&#8221; module_class=&#8221;linkbox&#8221; _builder_version=&#8221;4.16&#8243; link_option_url=&#8221;https:\/\/hgfhammel.dk\/svoemning\/?page_id=1393&#038;preview=true&#8221; saved_tabs=&#8221;all&#8221; global_colors_info=&#8221;{}&#8221;]<\/p>\n<p>Udstyr\u00a0<\/p>\n<p>[\/et_pb_text][\/et_pb_column][et_pb_column type=&#8221;1_3&#8243; _builder_version=&#8221;4.16&#8243; _module_preset=&#8221;default&#8221; global_colors_info=&#8221;{}&#8221;][et_pb_text admin_label=&#8221;Sv\u00f8mme for\u00e6ldre&#8221; module_class=&#8221;linkbox&#8221; _builder_version=&#8221;4.16&#8243; link_option_url=&#8221;https:\/\/hgfhammel.dk\/svoemning\/hgf-dolphins-vil-du-hjaelpe\/&#8221; saved_tabs=&#8221;all&#8221; global_colors_info=&#8221;{}&#8221;]<\/p>\n<p>Sv\u00f8mme for\u00e6ldre\u00a0<\/p>\n<p>[\/et_pb_text][\/et_pb_column][et_pb_column type=&#8221;1_3&#8243; _builder_version=&#8221;4.16&#8243; _module_preset=&#8221;default&#8221; global_colors_info=&#8221;{}&#8221;][et_pb_text admin_label=&#8221;Kommunikation&#8221; module_class=&#8221;linkbox&#8221; _builder_version=&#8221;4.16&#8243; link_option_url=&#8221;https:\/\/hgfhammel.dk\/svoemning\/hgf-dolphins-kommunikation\/&#8221; saved_tabs=&#8221;all&#8221; global_colors_info=&#8221;{}&#8221;]<\/p>\n<p>Kommunikation\u00a0<\/p>\n<p>[\/et_pb_text][\/et_pb_column][\/et_pb_row][\/et_pb_section]<\/p>\n","protected":false},"excerpt":{"rendered":"<p>Pr\u00e6talent &#8211; holdet Tr\u00e6nere:Vivi Apel, Katrine Klein Christensen, Ida M\u00f8rup og Matilde Egeris Tr\u00e6ningstider: Onsdage 16:30-17:30 (Vandtr\u00e6ning) Onsdage 17:30-18:30 (Landtr\u00e6ning) Fredage 17:00-18:00 &nbsp;Talent &#8211; holdet Tr\u00e6nere: Lise Lund S\u00f8rensen, Mikkel Fisker, Jacob Bach-Valeur og Nanna Hulgaard Tr\u00e6ningstider: Tirsdage 18:30-19:30 Onsdage 16:30-17:30 (landtr\u00e6ning) Onsdage 17:30-18:30 Fredage 16:00-18:00 Konkurrence &#8211; holdet Tr\u00e6nere: Rikke Ydemann Pedersen, Lucas S\u00f8rensen, [&hellip;]<\/p>\n","protected":false},"author":53,"featured_media":0,"parent":0,"menu_order":0,"comment_status":"closed","ping_status":"closed","template":"","meta":{"_et_pb_use_builder":"on","_et_pb_old_content":"","_et_gb_content_width":""},"yoast_head":"<!-- This site is optimized with the Yoast SEO plugin v20.9 - https:\/\/yoast.com\/wordpress\/plugins\/seo\/ -->\n<title>HGF Dolphins - Info - Sv\u00f8mning<\/title>\n<meta name=\"robots\" content=\"index, follow, max-snippet:-1, max-image-preview:large, max-video-preview:-1\" \/>\n<link rel=\"canonical\" href=\"https:\/\/hgfhammel.dk\/svoemning\/hgf-dolphins-hold\/\" \/>\n<meta property=\"og:locale\" content=\"da_DK\" \/>\n<meta property=\"og:type\" content=\"article\" \/>\n<meta property=\"og:title\" content=\"HGF Dolphins - Info - Sv\u00f8mning\" \/>\n<meta property=\"og:description\" content=\"Pr\u00e6talent - holdet Tr\u00e6nere:Vivi Apel, Katrine Klein Christensen, Ida M\u00f8rup og Matilde Egeris Tr\u00e6ningstider: Onsdage 16:30-17:30 (Vandtr\u00e6ning) Onsdage 17:30-18:30 (Landtr\u00e6ning) Fredage 17:00-18:00 &nbsp;Talent - holdet Tr\u00e6nere: Lise Lund S\u00f8rensen, Mikkel Fisker, Jacob Bach-Valeur og Nanna Hulgaard Tr\u00e6ningstider: Tirsdage 18:30-19:30 Onsdage 16:30-17:30 (landtr\u00e6ning) Onsdage 17:30-18:30 Fredage 16:00-18:00 Konkurrence - holdet Tr\u00e6nere: Rikke Ydemann Pedersen, Lucas S\u00f8rensen, [&hellip;]\" \/>\n<meta property=\"og:url\" content=\"https:\/\/hgfhammel.dk\/svoemning\/hgf-dolphins-hold\/\" \/>\n<meta property=\"og:site_name\" content=\"Sv\u00f8mning\" \/>\n<meta property=\"article:modified_time\" content=\"2025-12-18T08:53:31+00:00\" \/>\n<meta name=\"twitter:card\" content=\"summary_large_image\" \/>\n<meta name=\"twitter:label1\" content=\"Estimeret l\u00e6setid\" \/>\n\t<meta name=\"twitter:data1\" content=\"2 minutter\" \/>\n<!-- \/ Yoast SEO plugin. -->","yoast_head_json":{"title":"HGF Dolphins - Info - Sv\u00f8mning","robots":{"index":"index","follow":"follow","max-snippet":"max-snippet:-1","max-image-preview":"max-image-preview:large","max-video-preview":"max-video-preview:-1"},"canonical":"https:\/\/hgfhammel.dk\/svoemning\/hgf-dolphins-hold\/","og_locale":"da_DK","og_type":"article","og_title":"HGF Dolphins - Info - Sv\u00f8mning","og_description":"Pr\u00e6talent - holdet Tr\u00e6nere:Vivi Apel, Katrine Klein Christensen, Ida M\u00f8rup og Matilde Egeris Tr\u00e6ningstider: Onsdage 16:30-17:30 (Vandtr\u00e6ning) Onsdage 17:30-18:30 (Landtr\u00e6ning) Fredage 17:00-18:00 &nbsp;Talent - holdet Tr\u00e6nere: Lise Lund S\u00f8rensen, Mikkel Fisker, Jacob Bach-Valeur og Nanna Hulgaard Tr\u00e6ningstider: Tirsdage 18:30-19:30 Onsdage 16:30-17:30 (landtr\u00e6ning) Onsdage 17:30-18:30 Fredage 16:00-18:00 Konkurrence - holdet Tr\u00e6nere: Rikke Ydemann Pedersen, Lucas S\u00f8rensen, [&hellip;]","og_url":"https:\/\/hgfhammel.dk\/svoemning\/hgf-dolphins-hold\/","og_site_name":"Sv\u00f8mning","article_modified_time":"2025-12-18T08:53:31+00:00","twitter_card":"summary_large_image","twitter_misc":{"Estimeret l\u00e6setid":"2 minutter"},"schema":{"@context":"https:\/\/schema.org","@graph":[{"@type":"WebPage","@id":"https:\/\/hgfhammel.dk\/svoemning\/hgf-dolphins-hold\/","url":"https:\/\/hgfhammel.dk\/svoemning\/hgf-dolphins-hold\/","name":"HGF Dolphins - Info - Sv\u00f8mning","isPartOf":{"@id":"https:\/\/hgfhammel.dk\/svoemning\/#website"},"datePublished":"2021-03-18T13:14:15+00:00","dateModified":"2025-12-18T08:53:31+00:00","breadcrumb":{"@id":"https:\/\/hgfhammel.dk\/svoemning\/hgf-dolphins-hold\/#breadcrumb"},"inLanguage":"da-DK","potentialAction":[{"@type":"ReadAction","target":["https:\/\/hgfhammel.dk\/svoemning\/hgf-dolphins-hold\/"]}]},{"@type":"BreadcrumbList","@id":"https:\/\/hgfhammel.dk\/svoemning\/hgf-dolphins-hold\/#breadcrumb","itemListElement":[{"@type":"ListItem","position":1,"name":"Hjem","item":"https:\/\/hgfhammel.dk\/svoemning\/"},{"@type":"ListItem","position":2,"name":"HGF Dolphins &#8211; Info"}]},{"@type":"WebSite","@id":"https:\/\/hgfhammel.dk\/svoemning\/#website","url":"https:\/\/hgfhammel.dk\/svoemning\/","name":"Sv\u00f8mning","description":"Sv\u00f8mning","potentialAction":[{"@type":"SearchAction","target":{"@type":"EntryPoint","urlTemplate":"https:\/\/hgfhammel.dk\/svoemning\/?s={search_term_string}"},"query-input":"required name=search_term_string"}],"inLanguage":"da-DK"}]}},"_links":{"self":[{"href":"https:\/\/hgfhammel.dk\/svoemning\/wp-json\/wp\/v2\/pages\/1358"}],"collection":[{"href":"https:\/\/hgfhammel.dk\/svoemning\/wp-json\/wp\/v2\/pages"}],"about":[{"href":"https:\/\/hgfhammel.dk\/svoemning\/wp-json\/wp\/v2\/types\/page"}],"author":[{"embeddable":true,"href":"https:\/\/hgfhammel.dk\/svoemning\/wp-json\/wp\/v2\/users\/53"}],"replies":[{"embeddable":true,"href":"https:\/\/hgfhammel.dk\/svoemning\/wp-json\/wp\/v2\/comments?post=1358"}],"version-history":[{"count":9,"href":"https:\/\/hgfhammel.dk\/svoemning\/wp-json\/wp\/v2\/pages\/1358\/revisions"}],"predecessor-version":[{"id":2025,"href":"https:\/\/hgfhammel.dk\/svoemning\/wp-json\/wp\/v2\/pages\/1358\/revisions\/2025"}],"wp:attachment":[{"href":"https:\/\/hgfhammel.dk\/svoemning\/wp-json\/wp\/v2\/media?parent=1358"}],"curies":[{"name":"wp","href":"https:\/\/api.w.org\/{rel}","templated":true}]}}