{"id":730,"date":"2018-11-22T21:53:10","date_gmt":"2018-11-22T20:53:10","guid":{"rendered":"http:\/\/hgfhammel.dk\/svoemning\/?page_id=730"},"modified":"2026-04-29T21:35:43","modified_gmt":"2026-04-29T19:35:43","slug":"traenerinformation","status":"publish","type":"page","link":"https:\/\/hgfhammel.dk\/svoemning\/traenerinformation\/","title":{"rendered":"Tr\u00e6nerinformation"},"content":{"rendered":"<p>[et_pb_section fb_built=&#8221;1&#8243; _builder_version=&#8221;4.16&#8243; global_colors_info=&#8221;{}&#8221;][et_pb_row _builder_version=&#8221;4.16&#8243; background_size=&#8221;initial&#8221; background_position=&#8221;top_left&#8221; background_repeat=&#8221;repeat&#8221; custom_padding=&#8221;29px|0px|33px|0px|false|false&#8221; global_colors_info=&#8221;{}&#8221;][et_pb_column type=&#8221;4_4&#8243; _builder_version=&#8221;4.16&#8243; custom_padding=&#8221;|||&#8221; global_colors_info=&#8221;{}&#8221; custom_padding__hover=&#8221;|||&#8221;][et_pb_text admin_label=&#8221;Overskrift med br\u00f8dtekst&#8221; module_class=&#8221;headline_text&#8221; _builder_version=&#8221;4.16&#8243; saved_tabs=&#8221;all&#8221; global_colors_info=&#8221;{}&#8221;]<\/p>\n<h1>Praktiske information til dig som er tr\u00e6ner i Hammel GF Sv\u00f8mmeafdeling<\/h1>\n<p>&nbsp;<\/p>\n<p>[\/et_pb_text][et_pb_text _builder_version=&#8221;4.16&#8243; global_colors_info=&#8221;{}&#8221;]<br \/>\n[\/et_pb_text][\/et_pb_column][\/et_pb_row][\/et_pb_section][et_pb_section fb_built=&#8221;1&#8243; _builder_version=&#8221;4.16&#8243; global_colors_info=&#8221;{}&#8221;][et_pb_row column_structure=&#8221;1_4,1_4,1_4,1_4&#8243; _builder_version=&#8221;4.16&#8243; background_size=&#8221;initial&#8221; background_position=&#8221;top_left&#8221; background_repeat=&#8221;repeat&#8221; global_colors_info=&#8221;{}&#8221;][et_pb_column type=&#8221;1_4&#8243; _builder_version=&#8221;4.16&#8243; custom_padding=&#8221;|||&#8221; global_colors_info=&#8221;{}&#8221; custom_padding__hover=&#8221;|||&#8221;][et_pb_blurb url=&#8221;https:\/\/hgfhammel.dk\/svoemning\/wp-content\/uploads\/sites\/18\/2019\/04\/HIC_Madbestilling.pdf&#8221; url_new_window=&#8221;on&#8221; image=&#8221;https:\/\/hgfhammel.dk\/svoemning\/wp-content\/uploads\/sites\/18\/2018\/08\/ikon_Svoemning.png&#8221; admin_label=&#8221;Billedeboks&#8221; module_class=&#8221;imagebox&#8221; _builder_version=&#8221;4.21.0&#8243; animation=&#8221;off&#8221; saved_tabs=&#8221;all&#8221; global_colors_info=&#8221;{}&#8221;]<\/p>\n<p><a href=\"https:\/\/hgfhammel.dk\/svoemning\/wp-content\/uploads\/sites\/18\/2019\/04\/HIC_Madbestilling.pdf\">HIC_Madbestilling<\/a><\/p>\n<p>[\/et_pb_blurb][et_pb_blurb title=&#8221;Tr\u00e6nerevents&#8221; url_new_window=&#8221;on&#8221; image=&#8221;https:\/\/hgfhammel.dk\/svoemning\/wp-content\/uploads\/sites\/18\/2018\/08\/ikon_Svoemning.png&#8221; admin_label=&#8221;Billedeboks&#8221; module_class=&#8221;imagebox&#8221; _builder_version=&#8221;4.21.0&#8243; animation=&#8221;off&#8221; saved_tabs=&#8221;all&#8221; global_colors_info=&#8221;{}&#8221;][\/et_pb_blurb][\/et_pb_column][et_pb_column type=&#8221;1_4&#8243; _builder_version=&#8221;4.16&#8243; custom_padding=&#8221;|||&#8221; global_colors_info=&#8221;{}&#8221; custom_padding__hover=&#8221;|||&#8221;][et_pb_blurb title=&#8221;K\u00f8rselsbilag 2026&#8243; url=&#8221;https:\/\/hgfhammel.dk\/svoemning\/wp-content\/uploads\/sites\/18\/2026\/04\/Skattefri-godt-2026.pdf&#8221; image=&#8221;https:\/\/hgfhammel.dk\/svoemning\/wp-content\/uploads\/sites\/18\/2018\/08\/ikon_Svoemning.png&#8221; admin_label=&#8221;Billedeboks&#8221; module_class=&#8221;imagebox&#8221; _builder_version=&#8221;4.21.0&#8243; animation=&#8221;off&#8221; hover_enabled=&#8221;0&#8243; saved_tabs=&#8221;all&#8221; global_colors_info=&#8221;{}&#8221; sticky_enabled=&#8221;0&#8243;]<\/p>\n<p><a href=\"https:\/\/hgfhammel.dk\/svoemning\/wp-content\/uploads\/sites\/18\/2026\/04\/Skattefri-godt-2026.pdf\" title=\"Skattefrit godtg\u00f8relse 2026\">Skattefrit godtg\u00f8relse 2026<\/a><\/p>\n<p>[\/et_pb_blurb][et_pb_blurb title=&#8221;Tr\u00e6neraftaler&#8221; url=&#8221;https:\/\/hgfhammel.dk\/svoemning\/wp-content\/uploads\/sites\/18\/2024\/10\/Traeneraftale-i-HGF-Svoemning-2024-10-07.pdf&#8221; image=&#8221;https:\/\/hgfhammel.dk\/svoemning\/wp-content\/uploads\/sites\/18\/2018\/08\/ikon_Svoemning.png&#8221; admin_label=&#8221;Billedeboks&#8221; module_class=&#8221;imagebox&#8221; _builder_version=&#8221;4.21.0&#8243; animation=&#8221;off&#8221; saved_tabs=&#8221;all&#8221; global_colors_info=&#8221;{}&#8221;]<\/p>\n<p><a href=\"https:\/\/hgfhammel.dk\/svoemning\/wp-content\/uploads\/sites\/18\/2024\/10\/Traeneraftale-i-HGF-Svoemning-2024-10-07.pdf\" rel=\"attachment wp-att-1964\">Tr\u00e6neraftale 2024<\/a><\/p>\n<p>[\/et_pb_blurb][\/et_pb_column][et_pb_column type=&#8221;1_4&#8243; _builder_version=&#8221;4.16&#8243; custom_padding=&#8221;|||&#8221; global_colors_info=&#8221;{}&#8221; custom_padding__hover=&#8221;|||&#8221;][et_pb_blurb image=&#8221;https:\/\/hgfhammel.dk\/svoemning\/wp-content\/uploads\/sites\/18\/2018\/08\/ikon_Svoemning.png&#8221; admin_label=&#8221;Billedeboks&#8221; module_class=&#8221;imagebox&#8221; _builder_version=&#8221;4.16&#8243; animation=&#8221;off&#8221; saved_tabs=&#8221;all&#8221; global_colors_info=&#8221;{}&#8221;]<\/p>\n<p><a href=\"https:\/\/hgfhammel.dk\/svoemning\/wp-content\/uploads\/sites\/18\/2018\/11\/Tr\u00e6nerh\u00e5ndbog-ver-1.pdf\" rel=\"attachment wp-att-739\">Tr\u00e6nerh\u00e5ndbog<\/a><\/p>\n<p>[\/et_pb_blurb][et_pb_blurb title=&#8221;Tr\u00e6nerfordel&#8221; image=&#8221;https:\/\/hgfhammel.dk\/svoemning\/wp-content\/uploads\/sites\/18\/2018\/08\/ikon_Svoemning.png&#8221; admin_label=&#8221;Billedeboks&#8221; module_class=&#8221;imagebox&#8221; _builder_version=&#8221;4.16&#8243; animation=&#8221;off&#8221; saved_tabs=&#8221;all&#8221; global_colors_info=&#8221;{}&#8221;][\/et_pb_blurb][\/et_pb_column][et_pb_column type=&#8221;1_4&#8243; _builder_version=&#8221;4.16&#8243; custom_padding=&#8221;|||&#8221; global_colors_info=&#8221;{}&#8221; custom_padding__hover=&#8221;|||&#8221;][et_pb_blurb url=&#8221;https:\/\/hgfsvomning.klub-modul.dk\/Admin\/Default.aspx&#8221; image=&#8221;https:\/\/hgfhammel.dk\/svoemning\/wp-content\/uploads\/sites\/18\/2018\/08\/ikon_Svoemning.png&#8221; admin_label=&#8221;Billedeboks&#8221; module_class=&#8221;imagebox&#8221; _builder_version=&#8221;4.16&#8243; animation=&#8221;off&#8221; saved_tabs=&#8221;all&#8221; global_colors_info=&#8221;{}&#8221;]<\/p>\n<p>Klubmodul<\/p>\n<p>[\/et_pb_blurb][\/et_pb_column][\/et_pb_row][et_pb_row _builder_version=&#8221;4.16&#8243; global_colors_info=&#8221;{}&#8221;][et_pb_column type=&#8221;4_4&#8243; _builder_version=&#8221;4.16&#8243; custom_padding=&#8221;|||&#8221; global_colors_info=&#8221;{}&#8221; custom_padding__hover=&#8221;|||&#8221;][et_pb_text admin_label=&#8221;Sektion overskrift&#8221; module_class=&#8221;section_headline&#8221; _builder_version=&#8221;4.16&#8243; saved_tabs=&#8221;all&#8221; global_colors_info=&#8221;{}&#8221;]<br \/>\n[\/et_pb_text][\/et_pb_column][\/et_pb_row][\/et_pb_section]<\/p>\n","protected":false},"excerpt":{"rendered":"<p>Praktiske information til dig som er tr\u00e6ner i Hammel GF Sv\u00f8mmeafdeling &nbsp; HIC_MadbestillingSkattefrit godtg\u00f8relse 2026Tr\u00e6neraftale 2024Tr\u00e6nerh\u00e5ndbog Klubmodul<\/p>\n","protected":false},"author":24,"featured_media":0,"parent":0,"menu_order":0,"comment_status":"closed","ping_status":"closed","template":"","meta":{"_et_pb_use_builder":"on","_et_pb_old_content":"","_et_gb_content_width":""},"yoast_head":"<!-- This site is optimized with the Yoast SEO plugin v20.9 - https:\/\/yoast.com\/wordpress\/plugins\/seo\/ -->\n<title>Tr\u00e6nerinformation - Sv\u00f8mning<\/title>\n<meta name=\"robots\" content=\"index, follow, max-snippet:-1, max-image-preview:large, max-video-preview:-1\" \/>\n<link rel=\"canonical\" href=\"https:\/\/hgfhammel.dk\/svoemning\/traenerinformation\/\" \/>\n<meta property=\"og:locale\" content=\"da_DK\" \/>\n<meta property=\"og:type\" content=\"article\" \/>\n<meta property=\"og:title\" content=\"Tr\u00e6nerinformation - Sv\u00f8mning\" \/>\n<meta property=\"og:description\" content=\"Praktiske information til dig som er tr\u00e6ner i Hammel GF Sv\u00f8mmeafdeling &nbsp; HIC_MadbestillingSkattefrit godtg\u00f8relse 2026Tr\u00e6neraftale 2024Tr\u00e6nerh\u00e5ndbog Klubmodul\" \/>\n<meta property=\"og:url\" content=\"https:\/\/hgfhammel.dk\/svoemning\/traenerinformation\/\" \/>\n<meta property=\"og:site_name\" content=\"Sv\u00f8mning\" \/>\n<meta property=\"article:modified_time\" content=\"2026-04-29T19:35:43+00:00\" \/>\n<meta name=\"twitter:card\" content=\"summary_large_image\" \/>\n<meta name=\"twitter:label1\" content=\"Estimeret l\u00e6setid\" \/>\n\t<meta name=\"twitter:data1\" content=\"1 minut\" \/>\n<!-- \/ Yoast SEO plugin. -->","yoast_head_json":{"title":"Tr\u00e6nerinformation - Sv\u00f8mning","robots":{"index":"index","follow":"follow","max-snippet":"max-snippet:-1","max-image-preview":"max-image-preview:large","max-video-preview":"max-video-preview:-1"},"canonical":"https:\/\/hgfhammel.dk\/svoemning\/traenerinformation\/","og_locale":"da_DK","og_type":"article","og_title":"Tr\u00e6nerinformation - Sv\u00f8mning","og_description":"Praktiske information til dig som er tr\u00e6ner i Hammel GF Sv\u00f8mmeafdeling &nbsp; HIC_MadbestillingSkattefrit godtg\u00f8relse 2026Tr\u00e6neraftale 2024Tr\u00e6nerh\u00e5ndbog Klubmodul","og_url":"https:\/\/hgfhammel.dk\/svoemning\/traenerinformation\/","og_site_name":"Sv\u00f8mning","article_modified_time":"2026-04-29T19:35:43+00:00","twitter_card":"summary_large_image","twitter_misc":{"Estimeret l\u00e6setid":"1 minut"},"schema":{"@context":"https:\/\/schema.org","@graph":[{"@type":"WebPage","@id":"https:\/\/hgfhammel.dk\/svoemning\/traenerinformation\/","url":"https:\/\/hgfhammel.dk\/svoemning\/traenerinformation\/","name":"Tr\u00e6nerinformation - Sv\u00f8mning","isPartOf":{"@id":"https:\/\/hgfhammel.dk\/svoemning\/#website"},"datePublished":"2018-11-22T20:53:10+00:00","dateModified":"2026-04-29T19:35:43+00:00","breadcrumb":{"@id":"https:\/\/hgfhammel.dk\/svoemning\/traenerinformation\/#breadcrumb"},"inLanguage":"da-DK","potentialAction":[{"@type":"ReadAction","target":["https:\/\/hgfhammel.dk\/svoemning\/traenerinformation\/"]}]},{"@type":"BreadcrumbList","@id":"https:\/\/hgfhammel.dk\/svoemning\/traenerinformation\/#breadcrumb","itemListElement":[{"@type":"ListItem","position":1,"name":"Hjem","item":"https:\/\/hgfhammel.dk\/svoemning\/"},{"@type":"ListItem","position":2,"name":"Tr\u00e6nerinformation"}]},{"@type":"WebSite","@id":"https:\/\/hgfhammel.dk\/svoemning\/#website","url":"https:\/\/hgfhammel.dk\/svoemning\/","name":"Sv\u00f8mning","description":"Sv\u00f8mning","potentialAction":[{"@type":"SearchAction","target":{"@type":"EntryPoint","urlTemplate":"https:\/\/hgfhammel.dk\/svoemning\/?s={search_term_string}"},"query-input":"required name=search_term_string"}],"inLanguage":"da-DK"}]}},"_links":{"self":[{"href":"https:\/\/hgfhammel.dk\/svoemning\/wp-json\/wp\/v2\/pages\/730"}],"collection":[{"href":"https:\/\/hgfhammel.dk\/svoemning\/wp-json\/wp\/v2\/pages"}],"about":[{"href":"https:\/\/hgfhammel.dk\/svoemning\/wp-json\/wp\/v2\/types\/page"}],"author":[{"embeddable":true,"href":"https:\/\/hgfhammel.dk\/svoemning\/wp-json\/wp\/v2\/users\/24"}],"replies":[{"embeddable":true,"href":"https:\/\/hgfhammel.dk\/svoemning\/wp-json\/wp\/v2\/comments?post=730"}],"version-history":[{"count":22,"href":"https:\/\/hgfhammel.dk\/svoemning\/wp-json\/wp\/v2\/pages\/730\/revisions"}],"predecessor-version":[{"id":2053,"href":"https:\/\/hgfhammel.dk\/svoemning\/wp-json\/wp\/v2\/pages\/730\/revisions\/2053"}],"wp:attachment":[{"href":"https:\/\/hgfhammel.dk\/svoemning\/wp-json\/wp\/v2\/media?parent=730"}],"curies":[{"name":"wp","href":"https:\/\/api.w.org\/{rel}","templated":true}]}}